Last updated on 2025-02-22 17:49:41 CET.
Flavor | Version | Tinstall | Tcheck | Ttotal | Status | Flags |
---|---|---|---|---|---|---|
r-devel-linux-x86_64-debian-clang | 0.2.0 | 27.42 | 224.53 | 251.95 | NOTE | |
r-devel-linux-x86_64-debian-gcc | 0.2.0 | 15.14 | 140.26 | 155.40 | NOTE | |
r-devel-linux-x86_64-fedora-clang | 0.2.0 | 405.76 | OK | |||
r-devel-linux-x86_64-fedora-gcc | 0.2.0 | 380.70 | OK | |||
r-devel-macos-arm64 | 0.2.0 | 76.00 | OK | |||
r-devel-macos-x86_64 | 0.2.0 | 193.00 | OK | |||
r-devel-windows-x86_64 | 0.2.0 | 24.00 | 173.00 | 197.00 | NOTE | |
r-patched-linux-x86_64 | 0.2.0 | 31.73 | 208.37 | 240.10 | NOTE | |
r-release-linux-x86_64 | 0.2.0 | 25.00 | 208.45 | 233.45 | NOTE | |
r-release-macos-arm64 | 0.2.0 | 79.00 | NOTE | |||
r-release-macos-x86_64 | 0.2.0 | 133.00 | NOTE | |||
r-release-windows-x86_64 | 0.2.0 | 24.00 | 165.00 | 189.00 | NOTE | |
r-oldrel-macos-arm64 | 0.2.0 | 87.00 | NOTE | |||
r-oldrel-macos-x86_64 | 0.2.0 | 149.00 | NOTE | |||
r-oldrel-windows-x86_64 | 0.2.0 | 34.00 | 230.00 | 264.00 | NOTE |
Version: 0.2.0
Check: Rd cross-references
Result: NOTE
Found the following Rd file(s) with Rd \link{} targets missing package
anchors:
cubeViewOutput.Rd: shinyWidgetOutput
cubeview.Rd: levelplot
Please provide package anchors for all Rd \link{} targets not in the
package itself and the base packages.
Flavors: r-devel-linux-x86_64-debian-clang, r-devel-linux-x86_64-debian-gcc, r-devel-windows-x86_64
Version: 0.2.0
Check: LazyData
Result: NOTE
'LazyData' is specified without a 'data' directory
Flavors: r-patched-linux-x86_64, r-release-linux-x86_64, r-release-macos-arm64, r-release-macos-x86_64, r-release-windows-x86_64, r-oldrel-macos-arm64, r-oldrel-macos-x86_64, r-oldrel-windows-x86_64