CRAN Package Check Results for Package cvAUC

Last updated on 2025-07-12 18:49:38 CEST.

Flavor Version Tinstall Tcheck Ttotal Status Flags
r-devel-linux-x86_64-debian-clang 1.1.4 2.42 26.45 28.87 NOTE
r-devel-linux-x86_64-debian-gcc 1.1.4 1.84 21.68 23.52 NOTE
r-devel-linux-x86_64-fedora-clang 1.1.4 43.07 OK
r-devel-linux-x86_64-fedora-gcc 1.1.4 39.74 OK
r-devel-windows-x86_64 1.1.4 4.00 46.00 50.00 OK
r-patched-linux-x86_64 1.1.4 1.93 25.03 26.96 OK
r-release-linux-x86_64 1.1.4 2.34 24.34 26.68 OK
r-release-macos-arm64 1.1.4 19.00 OK
r-release-macos-x86_64 1.1.4 42.00 OK
r-release-windows-x86_64 1.1.4 4.00 48.00 52.00 OK
r-oldrel-macos-arm64 1.1.4 19.00 OK
r-oldrel-macos-x86_64 1.1.4 26.00 OK
r-oldrel-windows-x86_64 1.1.4 4.00 52.00 56.00 OK

Check Details

Version: 1.1.4
Check: CRAN incoming feasibility
Result: NOTE Maintainer: ‘Erin LeDell <oss@ledell.org>’ No Authors@R field in DESCRIPTION. Please add one, modifying Authors@R: c(person(given = "Erin", family = "LeDell", role = c("aut", "cre"), email = "oss@ledell.org"), person(given = "Maya", family = "Petersen", role = "aut"), person(given = "Mark", family = "van der Laan", role = "aut")) as necessary. Flavors: r-devel-linux-x86_64-debian-clang, r-devel-linux-x86_64-debian-gcc

mirror server hosted at Truenetwork, Russian Federation.