Last updated on 2025-11-03 17:49:46 CET.
| Flavor | Version | Tinstall | Tcheck | Ttotal | Status | Flags |
|---|---|---|---|---|---|---|
| r-devel-linux-x86_64-debian-clang | 0.3.0 | 3.86 | 34.75 | 38.61 | NOTE | |
| r-devel-linux-x86_64-debian-gcc | 0.3.0 | 2.99 | 25.91 | 28.90 | NOTE | |
| r-devel-linux-x86_64-fedora-clang | 0.3.0 | 57.39 | NOTE | |||
| r-devel-linux-x86_64-fedora-gcc | 0.3.0 | 53.92 | NOTE | |||
| r-devel-windows-x86_64 | 0.3.0 | 7.00 | 49.00 | 56.00 | NOTE | |
| r-patched-linux-x86_64 | 0.3.0 | 3.58 | 31.80 | 35.38 | NOTE | |
| r-release-linux-x86_64 | 0.3.0 | 3.15 | 31.60 | 34.75 | NOTE | |
| r-release-macos-arm64 | 0.3.0 | 2.00 | 19.00 | 21.00 | NOTE | |
| r-release-macos-x86_64 | 0.3.0 | 3.00 | 30.00 | 33.00 | NOTE | |
| r-release-windows-x86_64 | 0.3.0 | 7.00 | 48.00 | 55.00 | NOTE | |
| r-oldrel-macos-arm64 | 0.3.0 | 2.00 | 19.00 | 21.00 | OK | |
| r-oldrel-macos-x86_64 | 0.3.0 | 3.00 | 27.00 | 30.00 | OK | |
| r-oldrel-windows-x86_64 | 0.3.0 | 7.00 | 59.00 | 66.00 | OK |
Version: 0.3.0
Check: DESCRIPTION meta-information
Result: NOTE
Missing dependency on R >= 4.1.0 because package code uses the pipe
|> or function shorthand \(...) syntax added in R 4.1.0.
File(s) using such syntax:
‘d3TreeFunctions.R’
Flavors: r-devel-linux-x86_64-debian-clang, r-devel-linux-x86_64-debian-gcc, r-devel-linux-x86_64-fedora-clang, r-devel-linux-x86_64-fedora-gcc, r-devel-windows-x86_64, r-patched-linux-x86_64, r-release-linux-x86_64, r-release-macos-arm64, r-release-macos-x86_64, r-release-windows-x86_64