Last updated on 2025-11-04 05:51:09 CET.
| Flavor | Version | Tinstall | Tcheck | Ttotal | Status | Flags | 
|---|---|---|---|---|---|---|
| r-devel-linux-x86_64-debian-clang | 3.0 | 9.89 | 71.92 | 81.81 | NOTE | |
| r-devel-linux-x86_64-debian-gcc | 3.0 | 8.49 | 53.31 | 61.80 | NOTE | |
| r-devel-linux-x86_64-fedora-clang | 3.0 | 22.00 | 103.08 | 125.08 | NOTE | |
| r-devel-linux-x86_64-fedora-gcc | 3.0 | 21.00 | 99.85 | 120.85 | NOTE | |
| r-devel-windows-x86_64 | 3.0 | 12.00 | 82.00 | 94.00 | NOTE | |
| r-patched-linux-x86_64 | 3.0 | 9.91 | 68.71 | 78.62 | NOTE | |
| r-release-linux-x86_64 | 3.0 | 10.14 | 69.10 | 79.24 | NOTE | |
| r-release-macos-arm64 | 3.0 | 6.00 | 38.00 | 44.00 | NOTE | |
| r-release-macos-x86_64 | 3.0 | 9.00 | 61.00 | 70.00 | NOTE | |
| r-release-windows-x86_64 | 3.0 | 13.00 | 82.00 | 95.00 | NOTE | |
| r-oldrel-macos-arm64 | 3.0 | 4.00 | 34.00 | 38.00 | NOTE | |
| r-oldrel-macos-x86_64 | 3.0 | 8.00 | 51.00 | 59.00 | NOTE | |
| r-oldrel-windows-x86_64 | 3.0 | 16.00 | 104.00 | 120.00 | NOTE | 
Version: 3.0
Check: Rd files
Result: NOTE
  checkRd: (-1) angle_iteration.Rd:23: Lost braces; missing escapes or markup?
      23 | \code{z} {a list of vectors recording the estimated clustering assignment}
         |          ^
  checkRd: (-1) angle_iteration.Rd:25: Lost braces; missing escapes or markup?
      25 | \code{s_deg} {logic variable, if "TRUE", degenerate estimated core tensor/matrix occurs during the iteration; if "FALSE", otherwise}
         |              ^
  checkRd: (-1) dtbm.Rd:23: Lost braces
      23 | \code{z} {a list of vectors recording the refined clustering assignment with initialization \code{z0}}
         |          ^
  checkRd: (-1) dtbm.Rd:25: Lost braces; missing escapes or markup?
      25 | \code{s_deg} {logic variable, if "TRUE", degenerate estimated core tensor/matrix occurs during the iteration; if "FALSE", otherwise}
         |              ^
  checkRd: (-1) dtbm.Rd:27: Lost braces; missing escapes or markup?
      27 | \code{z0} { a list of vectors recording the initial clustering assignment }
         |           ^
  checkRd: (-1) dtbm.Rd:29: Lost braces; missing escapes or markup?
      29 | \code{s0} { a list of vectors recording the index of degenerate entities with random clustering assignment in initialization}
         |           ^
  checkRd: (-1) select_r.Rd:19: Lost braces; missing escapes or markup?
      19 | \code{r} {vector, the cluster number among the candidates with minimal BIC value}
         |          ^
  checkRd: (-1) select_r.Rd:21: Lost braces; missing escapes or markup?
      21 | \code{bic} {vector, the BIC value for each candidiate}
         |            ^
  checkRd: (-1) sim_dTBM.Rd:56: Lost braces
      56 | \code{Y} {array ( if \code{imat = FALSE} )/matrix ( if \code{imat = TRUE} ), simulated tensor/matrix observations with dimension \code{p}  }
         |          ^
  checkRd: (-1) sim_dTBM.Rd:58: Lost braces
      58 | \code{X} {array ( if \code{imat = FALSE} )/matrix ( if \code{imat = TRUE} ), mean tensor/matrix of the observation, i.e., the expectation of \code{Y}}
         |          ^
  checkRd: (-1) sim_dTBM.Rd:60: Lost braces
      60 | \code{S} {array ( if \code{imat = FALSE} )/matrix ( if \code{imat = TRUE} ), core tensor/matrix recording the block effects with dimension \code{r}}
         |          ^
  checkRd: (-1) sim_dTBM.Rd:62: Lost braces; missing escapes or markup?
      62 | \code{theta} {a list of vectors, degree heterogeneity on each mode}
         |              ^
  checkRd: (-1) sim_dTBM.Rd:64: Lost braces; missing escapes or markup?
      64 | \code{z} {a list of vectors, clustering assignment on each mode}
         |          ^
  checkRd: (-1) wkmeans.Rd:19: Lost braces; missing escapes or markup?
      19 | \code{z0} { a list of vectors recording the estimated clustering assignment }
         |           ^
  checkRd: (-1) wkmeans.Rd:21: Lost braces; missing escapes or markup?
      21 | \code{s0} { a list of vectors recording the index of degenerate entities with random clustering assignment}
         |           ^
Flavors: r-devel-linux-x86_64-debian-clang, r-devel-linux-x86_64-debian-gcc, r-devel-linux-x86_64-fedora-clang, r-devel-linux-x86_64-fedora-gcc, r-devel-windows-x86_64, r-patched-linux-x86_64, r-release-linux-x86_64, r-release-macos-arm64, r-release-macos-x86_64, r-release-windows-x86_64, r-oldrel-macos-arm64, r-oldrel-macos-x86_64, r-oldrel-windows-x86_64