CRAN Package Check Results for Package dagR

Last updated on 2025-07-12 18:49:38 CEST.

Flavor Version Tinstall Tcheck Ttotal Status Flags
r-devel-linux-x86_64-debian-clang 1.2.1 3.71 30.13 33.84 NOTE
r-devel-linux-x86_64-debian-gcc 1.2.1 2.62 23.33 25.95 NOTE
r-devel-linux-x86_64-fedora-clang 1.2.1 50.90 OK
r-devel-linux-x86_64-fedora-gcc 1.2.1 48.68 OK
r-devel-windows-x86_64 1.2.1 5.00 61.00 66.00 OK
r-patched-linux-x86_64 1.2.1 4.00 28.04 32.04 OK
r-release-linux-x86_64 1.2.1 3.07 27.62 30.69 OK
r-release-macos-arm64 1.2.1 19.00 OK
r-release-macos-x86_64 1.2.1 34.00 OK
r-release-windows-x86_64 1.2.1 6.00 61.00 67.00 OK
r-oldrel-macos-arm64 1.2.1 18.00 OK
r-oldrel-macos-x86_64 1.2.1 28.00 OK
r-oldrel-windows-x86_64 1.2.1 5.00 63.00 68.00 OK

Check Details

Version: 1.2.1
Check: CRAN incoming feasibility
Result: NOTE Maintainer: ‘Lutz P Breitling <l.breitling@posteo.de>’ No Authors@R field in DESCRIPTION. Please add one, modifying Authors@R: person(given = c("Lutz", "P"), family = "Breitling", role = c("aut", "cre"), email = "l.breitling@posteo.de") as necessary. Flavors: r-devel-linux-x86_64-debian-clang, r-devel-linux-x86_64-debian-gcc

mirror server hosted at Truenetwork, Russian Federation.