CRAN Package Check Results for Package dagirlite

Last updated on 2025-05-28 06:51:23 CEST.

Flavor Version Tinstall Tcheck Ttotal Status Flags
r-devel-linux-x86_64-debian-clang 0.1.0 2.05 24.79 26.84 OK
r-devel-linux-x86_64-debian-gcc 0.1.0 1.56 19.85 21.41 OK
r-devel-linux-x86_64-fedora-clang 0.1.0 40.05 NOTE
r-devel-linux-x86_64-fedora-gcc 0.1.0 38.29 NOTE
r-devel-windows-x86_64 0.1.0 4.00 47.00 51.00 OK
r-patched-linux-x86_64 0.1.0 2.25 23.90 26.15 OK
r-release-linux-x86_64 0.1.0 1.93 23.73 25.66 OK
r-release-macos-arm64 0.1.0 20.00 OK
r-release-macos-x86_64 0.1.0 28.00 OK
r-release-windows-x86_64 0.1.0 4.00 48.00 52.00 OK
r-oldrel-macos-arm64 0.1.0 18.00 OK
r-oldrel-macos-x86_64 0.1.0 24.00 OK
r-oldrel-windows-x86_64 0.1.0 4.00 57.00 61.00 OK

Check Details

Version: 0.1.0
Check: dependencies in R code
Result: NOTE Namespace in Imports field not imported from: ‘knitr’ All declared Imports should be used. Flavors: r-devel-linux-x86_64-fedora-clang, r-devel-linux-x86_64-fedora-gcc

mirror server hosted at Truenetwork, Russian Federation.