Last updated on 2025-07-13 06:48:22 CEST.
Flavor | Version | Tinstall | Tcheck | Ttotal | Status | Flags |
---|---|---|---|---|---|---|
r-devel-linux-x86_64-debian-clang | 1.17.6 | 36.26 | 292.66 | 328.92 | NOTE | |
r-devel-linux-x86_64-debian-gcc | 1.17.8 | 32.31 | 204.90 | 237.21 | NOTE | |
r-devel-linux-x86_64-fedora-clang | 1.17.8 | 482.26 | NOTE | |||
r-devel-linux-x86_64-fedora-gcc | 1.17.8 | 494.80 | NOTE | |||
r-devel-windows-x86_64 | 1.17.6 | 64.00 | 611.00 | 675.00 | NOTE | |
r-patched-linux-x86_64 | 1.17.6 | 42.66 | 248.22 | 290.88 | NOTE | |
r-release-linux-x86_64 | 1.17.8 | 37.96 | 243.47 | 281.43 | NOTE | |
r-release-macos-arm64 | 1.17.6 | 169.00 | NOTE | |||
r-release-macos-x86_64 | 1.17.8 | 286.00 | NOTE | |||
r-release-windows-x86_64 | 1.17.8 | 62.00 | 605.00 | 667.00 | NOTE | |
r-oldrel-macos-arm64 | 1.17.6 | 167.00 | NOTE | |||
r-oldrel-macos-x86_64 | 1.17.8 | 287.00 | NOTE | |||
r-oldrel-windows-x86_64 | 1.17.6 | 62.00 | 761.00 | 823.00 | NOTE |
Version: 1.17.6
Check: compiled code
Result: NOTE
File ‘data.table/libs/data_table.so’:
Found non-API calls to R: ‘OBJECT’, ‘SETLENGTH’, ‘SET_GROWABLE_BIT’,
‘SET_TRUELENGTH’, ‘TRUELENGTH’
Compiled code should not call non-API entry points in R.
See ‘Writing portable packages’ in the ‘Writing R Extensions’ manual,
and section ‘Moving into C API compliance’ for issues with the use of
non-API entry points.
Flavors: r-devel-linux-x86_64-debian-clang, r-patched-linux-x86_64, r-release-macos-arm64
Version: 1.17.8
Check: compiled code
Result: NOTE
File ‘data.table/libs/data_table.so’:
Found non-API calls to R: ‘OBJECT’, ‘SETLENGTH’, ‘SET_GROWABLE_BIT’,
‘SET_TRUELENGTH’, ‘TRUELENGTH’
Compiled code should not call non-API entry points in R.
See ‘Writing portable packages’ in the ‘Writing R Extensions’ manual,
and section ‘Moving into C API compliance’ for issues with the use of
non-API entry points.
Flavors: r-devel-linux-x86_64-debian-gcc, r-devel-linux-x86_64-fedora-clang, r-devel-linux-x86_64-fedora-gcc, r-release-linux-x86_64, r-release-macos-x86_64
Version: 1.17.6
Check: compiled code
Result: NOTE
File 'data.table/libs/x64/data_table.dll':
Found non-API calls to R: 'OBJECT', 'SETLENGTH', 'SET_GROWABLE_BIT',
'SET_TRUELENGTH', 'TRUELENGTH'
Compiled code should not call non-API entry points in R.
See 'Writing portable packages' in the 'Writing R Extensions' manual,
and section 'Moving into C API compliance' for issues with the use of
non-API entry points.
Flavor: r-devel-windows-x86_64
Version: 1.17.8
Check: compiled code
Result: NOTE
File 'data.table/libs/x64/data_table.dll':
Found non-API calls to R: 'OBJECT', 'SETLENGTH', 'SET_GROWABLE_BIT',
'SET_TRUELENGTH', 'TRUELENGTH'
Compiled code should not call non-API entry points in R.
See 'Writing portable packages' in the 'Writing R Extensions' manual,
and section 'Moving into C API compliance' for issues with the use of
non-API entry points.
Flavor: r-release-windows-x86_64
Version: 1.17.6
Check: installed package size
Result: NOTE
installed size is 6.3Mb
sub-directories of 1Mb or more:
libs 1.8Mb
po 1.5Mb
Flavors: r-oldrel-macos-arm64, r-oldrel-windows-x86_64
Version: 1.17.8
Check: installed package size
Result: NOTE
installed size is 6.4Mb
sub-directories of 1Mb or more:
libs 1.9Mb
po 1.5Mb
Flavor: r-oldrel-macos-x86_64