Last updated on 2025-02-22 11:51:23 CET.
Flavor | Version | Tinstall | Tcheck | Ttotal | Status | Flags |
---|---|---|---|---|---|---|
r-devel-linux-x86_64-debian-clang | 1.0.3 | 4.85 | 39.84 | 44.69 | NOTE | |
r-devel-linux-x86_64-debian-gcc | 1.0.3 | 3.36 | 29.48 | 32.84 | NOTE | |
r-devel-linux-x86_64-fedora-clang | 1.0.3 | 71.45 | NOTE | |||
r-devel-linux-x86_64-fedora-gcc | 1.0.3 | 68.57 | NOTE | |||
r-devel-macos-arm64 | 1.0.3 | 25.00 | OK | |||
r-devel-macos-x86_64 | 1.0.3 | 40.00 | OK | |||
r-devel-windows-x86_64 | 1.0.3 | 7.00 | 65.00 | 72.00 | NOTE | |
r-patched-linux-x86_64 | 1.0.3 | 11.59 | 38.03 | 49.62 | OK | |
r-release-linux-x86_64 | 1.0.3 | 5.02 | 37.47 | 42.49 | OK | |
r-release-macos-arm64 | 1.0.3 | 25.00 | OK | |||
r-release-macos-x86_64 | 1.0.3 | 35.00 | OK | |||
r-release-windows-x86_64 | 1.0.3 | 7.00 | 65.00 | 72.00 | OK | |
r-oldrel-macos-arm64 | 1.0.3 | 24.00 | OK | |||
r-oldrel-macos-x86_64 | 1.0.3 | 41.00 | OK | |||
r-oldrel-windows-x86_64 | 1.0.3 | 9.00 | 67.00 | 76.00 | OK |
Version: 1.0.3
Check: Rd cross-references
Result: NOTE
Found the following Rd file(s) with Rd \link{} targets missing package
anchors:
dcr_app.Rd: plotly
Please provide package anchors for all Rd \link{} targets not in the
package itself and the base packages.
Flavors: r-devel-linux-x86_64-debian-clang, r-devel-linux-x86_64-debian-gcc, r-devel-windows-x86_64
Version: 1.0.3
Check: dependencies in R code
Result: NOTE
Namespace in Imports field not imported from: ‘htmltools’
All declared Imports should be used.
Flavors: r-devel-linux-x86_64-fedora-clang, r-devel-linux-x86_64-fedora-gcc