Last updated on 2024-06-27 12:49:07 CEST.
Flavor | Version | Tinstall | Tcheck | Ttotal | Status | Flags |
---|---|---|---|---|---|---|
r-devel-linux-x86_64-debian-clang | 1.4 | NOTE | ||||
r-devel-linux-x86_64-debian-gcc | 1.4 | 2.46 | 29.29 | 31.75 | NOTE | |
r-devel-linux-x86_64-fedora-clang | 1.4-1 | 56.39 | OK | |||
r-devel-linux-x86_64-fedora-gcc | 1.4-1 | 66.74 | OK | |||
r-devel-windows-x86_64 | 1.4 | 4.00 | 59.00 | 63.00 | NOTE | |
r-patched-linux-x86_64 | 1.4 | 2.39 | 37.35 | 39.74 | NOTE | |
r-release-linux-x86_64 | 1.4 | 2.65 | 37.22 | 39.87 | NOTE | |
r-release-macos-arm64 | 1.4-1 | 36.00 | OK | |||
r-release-macos-x86_64 | 1.4-1 | 79.00 | OK | |||
r-release-windows-x86_64 | 1.4 | 5.00 | 60.00 | 65.00 | NOTE | |
r-oldrel-macos-arm64 | 1.4-1 | 41.00 | OK | |||
r-oldrel-macos-x86_64 | 1.4-1 | 82.00 | OK | |||
r-oldrel-windows-x86_64 | 1.4 | 4.00 | 58.00 | 62.00 | OK |
Version: 1.4
Check: Rd files
Result: NOTE
checkRd: (-1) deming.Rd:71: Lost braces
71 | on whether the code{cv} option is TRUE or FALSE, respectively.
| ^
Flavors: r-devel-linux-x86_64-debian-clang, r-devel-linux-x86_64-debian-gcc, r-devel-windows-x86_64, r-patched-linux-x86_64, r-release-linux-x86_64, r-release-windows-x86_64