CRAN Package Check Results for Package demoKde

Last updated on 2025-07-13 00:48:23 CEST.

Flavor Version Tinstall Tcheck Ttotal Status Flags
r-devel-linux-x86_64-debian-clang 1.0.1 1.70 17.41 19.11 NOTE
r-devel-linux-x86_64-debian-gcc 1.0.1 1.39 15.09 16.48 NOTE
r-devel-linux-x86_64-fedora-clang 1.0.1 29.55 OK
r-devel-linux-x86_64-fedora-gcc 1.0.1 28.07 OK
r-devel-windows-x86_64 1.0.1 3.00 38.00 41.00 OK
r-patched-linux-x86_64 1.0.1 1.78 16.46 18.24 OK
r-release-linux-x86_64 1.0.1 1.51 16.50 18.01 OK
r-release-macos-arm64 1.0.1 16.00 OK
r-release-macos-x86_64 1.0.1 24.00 OK
r-release-windows-x86_64 1.0.1 3.00 41.00 44.00 OK
r-oldrel-macos-arm64 1.0.1 14.00 OK
r-oldrel-macos-x86_64 1.0.1 21.00 OK
r-oldrel-windows-x86_64 1.0.1 3.00 40.00 43.00 OK

Check Details

Version: 1.0.1
Check: CRAN incoming feasibility
Result: NOTE Maintainer: ‘Bill Venables <Bill.Venables@gmail.com>’ No Authors@R field in DESCRIPTION. Please add one, modifying Authors@R: person(given = "Bill", family = "Venables", role = c("aut", "cre"), email = "bill.venables@gmail.com") as necessary. Flavors: r-devel-linux-x86_64-debian-clang, r-devel-linux-x86_64-debian-gcc

mirror server hosted at Truenetwork, Russian Federation.