CRAN Package Check Results for Package dendroextras

Last updated on 2025-07-12 18:49:38 CEST.

Flavor Version Tinstall Tcheck Ttotal Status Flags
r-devel-linux-x86_64-debian-clang 0.2.3 1.85 21.33 23.18 NOTE
r-devel-linux-x86_64-debian-gcc 0.2.3 1.44 17.93 19.37 NOTE
r-devel-linux-x86_64-fedora-clang 0.2.3 34.23 OK
r-devel-linux-x86_64-fedora-gcc 0.2.3 32.24 OK
r-devel-windows-x86_64 0.2.3 3.00 42.00 45.00 OK
r-patched-linux-x86_64 0.2.3 1.88 19.12 21.00 OK
r-release-linux-x86_64 0.2.3 1.60 18.85 20.45 OK
r-release-macos-arm64 0.2.3 20.00 OK
r-release-macos-x86_64 0.2.3 37.00 OK
r-release-windows-x86_64 0.2.3 4.00 44.00 48.00 OK
r-oldrel-macos-arm64 0.2.3 20.00 OK
r-oldrel-macos-x86_64 0.2.3 22.00 OK
r-oldrel-windows-x86_64 0.2.3 4.00 43.00 47.00 OK

Check Details

Version: 0.2.3
Check: CRAN incoming feasibility
Result: NOTE Maintainer: ‘Gregory Jefferis <jefferis@gmail.com>’ Found the following \keyword or \concept entries which likely give several index terms: File ‘dendroextras-package.Rd’: \keyword{package,} Flavors: r-devel-linux-x86_64-debian-clang, r-devel-linux-x86_64-debian-gcc

mirror server hosted at Truenetwork, Russian Federation.