CRAN Package Check Results for Package detectRUNS

Last updated on 2025-11-03 17:49:47 CET.

Flavor Version Tinstall Tcheck Ttotal Status Flags
r-devel-linux-x86_64-debian-clang 0.9.6 20.64 106.48 127.12 OK
r-devel-linux-x86_64-debian-gcc 0.9.6 16.70 74.51 91.21 OK
r-devel-linux-x86_64-fedora-clang 0.9.6 46.00 152.09 198.09 OK
r-devel-linux-x86_64-fedora-gcc 0.9.6 52.00 156.17 208.17 OK
r-devel-windows-x86_64 0.9.6 33.00 131.00 164.00 OK
r-patched-linux-x86_64 0.9.6 23.29 98.69 121.98 OK
r-release-linux-x86_64 0.9.6 23.49 99.52 123.01 OK
r-release-macos-arm64 0.9.6 10.00 55.00 65.00 OK
r-release-macos-x86_64 0.9.6 16.00 89.00 105.00 OK
r-release-windows-x86_64 0.9.6 32.00 130.00 162.00 OK
r-oldrel-macos-arm64 0.9.6 10.00 43.00 53.00 NOTE
r-oldrel-macos-x86_64 0.9.6 14.00 80.00 94.00 NOTE
r-oldrel-windows-x86_64 0.9.6 37.00 174.00 211.00 NOTE

Check Details

Version: 0.9.6
Check: installed package size
Result: NOTE installed size is 5.2Mb sub-directories of 1Mb or more: extdata 2.1Mb libs 2.3Mb Flavors: r-oldrel-macos-arm64, r-oldrel-macos-x86_64

Version: 0.9.6
Check: LazyData
Result: NOTE 'LazyData' is specified without a 'data' directory Flavors: r-oldrel-macos-arm64, r-oldrel-macos-x86_64, r-oldrel-windows-x86_64

mirror server hosted at Truenetwork, Russian Federation.