Last updated on 2024-06-29 06:49:39 CEST.
Flavor | Version | Tinstall | Tcheck | Ttotal | Status | Flags |
---|---|---|---|---|---|---|
r-devel-linux-x86_64-debian-clang | 1.4.2 | 162.44 | 269.85 | 432.29 | OK | |
r-devel-linux-x86_64-debian-gcc | 1.4.2 | 116.26 | 212.25 | 328.51 | OK | |
r-devel-linux-x86_64-fedora-clang | 1.4.2 | 600.06 | OK | |||
r-devel-linux-x86_64-fedora-gcc | 1.4.2 | 629.67 | OK | |||
r-devel-windows-x86_64 | 1.4.2 | 130.00 | 215.00 | 345.00 | OK | |
r-patched-linux-x86_64 | 1.4.2 | 139.97 | 270.33 | 410.30 | OK | |
r-release-linux-x86_64 | 1.4.2 | 112.89 | 277.47 | 390.36 | OK | |
r-release-macos-arm64 | 1.4.2 | 142.00 | NOTE | |||
r-release-macos-x86_64 | 1.4.2 | 184.00 | NOTE | |||
r-release-windows-x86_64 | 1.4.2 | 129.00 | 257.00 | 386.00 | OK | |
r-oldrel-macos-arm64 | 1.4.2 | 147.00 | NOTE | |||
r-oldrel-macos-x86_64 | 1.4.2 | 279.00 | NOTE | |||
r-oldrel-windows-x86_64 | 1.4.2 | 154.00 | 254.00 | 408.00 | OK |
Version: 1.4.2
Check: installed package size
Result: NOTE
installed size is 10.0Mb
sub-directories of 1Mb or more:
doc 1.1Mb
libs 8.1Mb
Flavors: r-release-macos-arm64, r-release-macos-x86_64, r-oldrel-macos-arm64, r-oldrel-macos-x86_64