Last updated on 2025-05-29 07:49:44 CEST.
Flavor | Version | Tinstall | Tcheck | Ttotal | Status | Flags |
---|---|---|---|---|---|---|
r-devel-linux-x86_64-debian-clang | 3.1.0 | 374.49 | 105.93 | 480.42 | NOTE | |
r-devel-linux-x86_64-debian-gcc | 3.1.0 | 288.37 | 75.87 | 364.24 | NOTE | |
r-devel-linux-x86_64-fedora-clang | 3.1.0 | 1040.50 | NOTE | |||
r-devel-linux-x86_64-fedora-gcc | 3.1.0 | 1007.19 | NOTE | |||
r-devel-windows-x86_64 | 3.1.0 | 492.00 | 153.00 | 645.00 | NOTE | |
r-patched-linux-x86_64 | 3.1.0 | 414.72 | 91.56 | 506.28 | NOTE | |
r-release-linux-x86_64 | 3.1.0 | 412.78 | 91.39 | 504.17 | NOTE | |
r-release-macos-arm64 | 3.1.0 | 245.00 | NOTE | |||
r-release-macos-x86_64 | 3.1.0 | 221.00 | NOTE | |||
r-release-windows-x86_64 | 3.1.0 | 495.00 | 150.00 | 645.00 | NOTE | |
r-oldrel-macos-arm64 | 3.1.0 | 173.00 | NOTE | |||
r-oldrel-macos-x86_64 | 3.1.0 | 278.00 | NOTE | |||
r-oldrel-windows-x86_64 | 3.1.0 | 573.00 | 192.00 | 765.00 | OK |
Version: 3.1.0
Check: CRAN incoming feasibility
Result: NOTE
Maintainer: ‘Sebastian Krantz <sebastian.krantz@graduateinstitute.ch>’
The BugReports field in DESCRIPTION has
https://github.com/r-barnes/dggridR/
which should likely be
https://github.com/r-barnes/dggridR/issues
instead.
Flavors: r-devel-linux-x86_64-debian-clang, r-devel-linux-x86_64-debian-gcc
Version: 3.1.0
Check: DESCRIPTION meta-information
Result: NOTE
Missing dependency on R >= 4.1.0 because package code uses the pipe
|> or function shorthand \(...) syntax added in R 4.1.0.
File(s) using such syntax:
‘dggridR.R’
Flavors: r-devel-linux-x86_64-debian-clang, r-devel-linux-x86_64-debian-gcc, r-devel-linux-x86_64-fedora-clang, r-devel-linux-x86_64-fedora-gcc, r-devel-windows-x86_64, r-patched-linux-x86_64, r-release-linux-x86_64, r-release-macos-arm64, r-release-macos-x86_64, r-release-windows-x86_64
Version: 3.1.0
Check: installed package size
Result: NOTE
installed size is 16.9Mb
sub-directories of 1Mb or more:
doc 1.5Mb
libs 15.0Mb
Flavors: r-oldrel-macos-arm64, r-oldrel-macos-x86_64