Last updated on 2025-11-02 17:49:36 CET.
| Flavor | Version | Tinstall | Tcheck | Ttotal | Status | Flags |
|---|---|---|---|---|---|---|
| r-devel-linux-x86_64-debian-clang | 0.1.0 | 2.73 | 33.20 | 35.93 | NOTE | |
| r-devel-linux-x86_64-debian-gcc | 0.1.0 | 1.86 | 25.18 | 27.04 | NOTE | |
| r-devel-linux-x86_64-fedora-clang | 0.1.0 | 51.76 | OK | |||
| r-devel-linux-x86_64-fedora-gcc | 0.1.0 | 50.80 | OK | |||
| r-devel-windows-x86_64 | 0.1.0 | 4.00 | 57.00 | 61.00 | OK | |
| r-patched-linux-x86_64 | 0.1.0 | 3.12 | 31.22 | 34.34 | OK | |
| r-release-linux-x86_64 | 0.1.0 | 2.25 | 31.32 | 33.57 | OK | |
| r-release-macos-arm64 | 0.1.0 | 2.00 | 28.00 | 30.00 | OK | |
| r-release-macos-x86_64 | 0.1.0 | 3.00 | 36.00 | 39.00 | OK | |
| r-release-windows-x86_64 | 0.1.0 | 4.00 | 57.00 | 61.00 | OK | |
| r-oldrel-macos-arm64 | 0.1.0 | 1.00 | 20.00 | 21.00 | OK | |
| r-oldrel-macos-x86_64 | 0.1.0 | 2.00 | 29.00 | 31.00 | OK | |
| r-oldrel-windows-x86_64 | 0.1.0 | 5.00 | 65.00 | 70.00 | OK |
Version: 0.1.0
Check: CRAN incoming feasibility
Result: NOTE
Maintainer: ‘René Schulenberg <reneschulenberg@gmail.com>’
No Authors@R field in DESCRIPTION.
Please add one, modifying
Authors@R: person(given = "René",
family = "Schulenberg",
role = c("aut", "cre"),
email = "reneschulenberg@gmail.com")
as necessary.
Flavors: r-devel-linux-x86_64-debian-clang, r-devel-linux-x86_64-debian-gcc