Last updated on 2025-05-28 06:51:24 CEST.
Flavor | Version | Tinstall | Tcheck | Ttotal | Status | Flags |
---|---|---|---|---|---|---|
r-devel-linux-x86_64-debian-clang | 1.5.1 | 1.70 | 17.33 | 19.03 | NOTE | |
r-devel-linux-x86_64-debian-gcc | 1.5.1 | 1.33 | 14.19 | 15.52 | NOTE | |
r-devel-linux-x86_64-fedora-clang | 1.5.1 | 29.98 | OK | |||
r-devel-linux-x86_64-fedora-gcc | 1.5.1 | 28.74 | OK | |||
r-devel-windows-x86_64 | 1.5.1 | 3.00 | 37.00 | 40.00 | OK | |
r-patched-linux-x86_64 | 1.5.1 | 1.64 | 16.61 | 18.25 | OK | |
r-release-linux-x86_64 | 1.5.1 | 1.55 | 16.59 | 18.14 | OK | |
r-release-macos-arm64 | 1.5.1 | 15.00 | OK | |||
r-release-macos-x86_64 | 1.5.1 | 21.00 | OK | |||
r-release-windows-x86_64 | 1.5.1 | 4.00 | 38.00 | 42.00 | OK | |
r-oldrel-macos-arm64 | 1.5.1 | 14.00 | OK | |||
r-oldrel-macos-x86_64 | 1.5.1 | 19.00 | OK | |||
r-oldrel-windows-x86_64 | 1.5.1 | 4.00 | 35.00 | 39.00 | OK |
Version: 1.5.1
Check: CRAN incoming feasibility
Result: NOTE
Maintainer: ‘Mikkel Meyer Andersen <mikl@math.aau.dk>’
No Authors@R field in DESCRIPTION.
Please add one, modifying
Authors@R: c(person(given = c("Mikkel", "Meyer"),
family = "Andersen",
role = c("aut", "cre"),
email = "mikl@math.aau.dk"),
person(given = c("Poul", "Svante"),
family = "Eriksen",
role = "aut"))
as necessary.
Flavors: r-devel-linux-x86_64-debian-clang, r-devel-linux-x86_64-debian-gcc