CRAN Package Check Results for Package disparityfilter

Last updated on 2025-05-21 18:49:50 CEST.

Flavor Version Tinstall Tcheck Ttotal Status Flags
r-devel-linux-x86_64-debian-clang 2.2.3 2.61 28.88 31.49 OK
r-devel-linux-x86_64-debian-gcc 2.2.3 2.12 23.12 25.24 OK
r-devel-linux-x86_64-fedora-clang 2.2.3 48.22 OK
r-devel-linux-x86_64-fedora-gcc 2.2.3 46.43 OK
r-devel-windows-x86_64 2.2.3 5.00 52.00 57.00 OK
r-patched-linux-x86_64 2.2.3 2.53 26.87 29.40 OK
r-release-linux-x86_64 2.2.3 2.41 26.77 29.18 OK
r-release-macos-arm64 2.2.3 22.00 OK
r-release-macos-x86_64 2.2.3 38.00 OK
r-release-windows-x86_64 2.2.3 4.00 56.00 60.00 OK
r-oldrel-macos-arm64 2.2.3 18.00 NOTE
r-oldrel-macos-x86_64 2.2.3 26.00 NOTE
r-oldrel-windows-x86_64 2.2.3 5.00 54.00 59.00 NOTE

Check Details

Version: 2.2.3
Check: LazyData
Result: NOTE 'LazyData' is specified without a 'data' directory Flavors: r-oldrel-macos-arm64, r-oldrel-macos-x86_64, r-oldrel-windows-x86_64

mirror server hosted at Truenetwork, Russian Federation.