CRAN Package Check Results for Package distrRmetrics

Last updated on 2025-11-03 17:49:47 CET.

Flavor Version Tinstall Tcheck Ttotal Status Flags
r-devel-linux-x86_64-debian-clang 2.8.3 12.62 101.88 114.50 NOTE
r-devel-linux-x86_64-debian-gcc 2.8.3 8.73 71.99 80.72 NOTE
r-devel-linux-x86_64-fedora-clang 2.8.3 27.00 145.25 172.25 NOTE
r-devel-linux-x86_64-fedora-gcc 2.8.3 25.00 138.98 163.98 NOTE
r-devel-windows-x86_64 2.8.3 14.00 99.00 113.00 NOTE
r-patched-linux-x86_64 2.8.3 11.47 96.01 107.48 OK
r-release-linux-x86_64 2.8.3 11.98 95.22 107.20 OK
r-release-macos-arm64 2.8.3 5.00 45.00 50.00 OK
r-release-macos-x86_64 2.8.3 12.00 91.00 103.00 OK
r-release-windows-x86_64 2.8.3 12.00 96.00 108.00 OK
r-oldrel-macos-arm64 2.8.3 5.00 47.00 52.00 OK
r-oldrel-macos-x86_64 2.8.3 9.00 113.00 122.00 OK
r-oldrel-windows-x86_64 2.8.3 16.00 124.00 140.00 OK

Check Details

Version: 2.8.3
Check: Rd files
Result: NOTE checkRd: (-1) 0distrRmetrics-package.Rd:14-25: Only 2 columns allowed in this table (row 6 has 1) Flavors: r-devel-linux-x86_64-debian-clang, r-devel-linux-x86_64-debian-gcc, r-devel-linux-x86_64-fedora-clang, r-devel-linux-x86_64-fedora-gcc, r-devel-windows-x86_64

mirror server hosted at Truenetwork, Russian Federation.