Last updated on 2025-02-22 11:51:24 CET.
Flavor | Version | Tinstall | Tcheck | Ttotal | Status | Flags |
---|---|---|---|---|---|---|
r-devel-linux-x86_64-debian-clang | 1.7.5 | 15.27 | 150.63 | 165.90 | NOTE | |
r-devel-linux-x86_64-debian-gcc | 1.7.5 | 11.03 | 103.20 | 114.23 | NOTE | |
r-devel-linux-x86_64-fedora-clang | 1.7.5 | 262.13 | OK | |||
r-devel-linux-x86_64-fedora-gcc | 1.7.5 | 251.50 | OK | |||
r-devel-macos-arm64 | 1.7.5 | 79.00 | OK | |||
r-devel-macos-x86_64 | 1.7.5 | 135.00 | OK | |||
r-devel-windows-x86_64 | 1.7.5 | 17.00 | 154.00 | 171.00 | NOTE | |
r-patched-linux-x86_64 | 1.7.5 | 19.60 | 140.47 | 160.07 | OK | |
r-release-linux-x86_64 | 1.7.5 | 15.54 | 139.45 | 154.99 | OK | |
r-release-macos-arm64 | 1.7.5 | 80.00 | OK | |||
r-release-macos-x86_64 | 1.7.5 | 131.00 | OK | |||
r-release-windows-x86_64 | 1.7.5 | 18.00 | 149.00 | 167.00 | OK | |
r-oldrel-macos-arm64 | 1.7.5 | 79.00 | OK | |||
r-oldrel-macos-x86_64 | 1.7.5 | 153.00 | OK | |||
r-oldrel-windows-x86_64 | 1.7.5 | 20.00 | 194.00 | 214.00 | OK |
Version: 1.7.5
Check: Rd cross-references
Result: NOTE
Found the following Rd file(s) with Rd \link{} targets missing package
anchors:
dists.Rd: betareg
moments.Rd: betareg, gamlss, bamlss
plot_dist.Rd: gamlss, bamlss, betareg, ggplot2
plot_moments.Rd: gamlss, bamlss, betareg
Please provide package anchors for all Rd \link{} targets not in the
package itself and the base packages.
Flavors: r-devel-linux-x86_64-debian-clang, r-devel-linux-x86_64-debian-gcc, r-devel-windows-x86_64