Last updated on 2024-06-29 12:48:14 CEST.
Flavor | Version | Tinstall | Tcheck | Ttotal | Status | Flags |
---|---|---|---|---|---|---|
r-devel-linux-x86_64-debian-clang | 2.0.6 | 6.79 | 55.96 | 62.75 | OK | |
r-devel-linux-x86_64-debian-gcc | 2.0.6 | 6.23 | 42.24 | 48.47 | OK | |
r-devel-linux-x86_64-fedora-clang | 2.0.6 | 80.64 | NOTE | |||
r-devel-linux-x86_64-fedora-gcc | 2.0.6 | 79.42 | NOTE | |||
r-devel-windows-x86_64 | 2.0.6 | 6.00 | 69.00 | 75.00 | OK | |
r-patched-linux-x86_64 | 2.0.6 | 7.81 | 53.41 | 61.22 | OK | |
r-release-linux-x86_64 | 2.0.6 | 6.68 | 55.13 | 61.81 | OK | |
r-release-macos-arm64 | 2.0.6 | 23.00 | OK | |||
r-release-macos-x86_64 | 2.0.6 | 39.00 | OK | |||
r-release-windows-x86_64 | 2.0.6 | 6.00 | 70.00 | 76.00 | OK | |
r-oldrel-macos-arm64 | 2.0.6 | 25.00 | OK | |||
r-oldrel-macos-x86_64 | 2.0.6 | 42.00 | OK | |||
r-oldrel-windows-x86_64 | 2.0.6 | 6.00 | 76.00 | 82.00 | OK |
Version: 2.0.6
Check: dependencies in R code
Result: NOTE
Namespace in Imports field not imported from: ‘truncnorm’
All declared Imports should be used.
Flavors: r-devel-linux-x86_64-fedora-clang, r-devel-linux-x86_64-fedora-gcc