CRAN Package Check Results for Package diverge

Last updated on 2025-11-24 17:49:55 CET.

Flavor Version Tinstall Tcheck Ttotal Status Flags
r-devel-linux-x86_64-debian-clang 2.0.6 5.94 46.35 52.29 NOTE
r-devel-linux-x86_64-debian-gcc 2.0.6 4.21 32.30 36.51 NOTE
r-devel-linux-x86_64-fedora-clang 2.0.6 16.00 64.81 80.81 NOTE
r-devel-linux-x86_64-fedora-gcc 2.0.6 13.00 62.13 75.13 NOTE
r-devel-windows-x86_64 2.0.6 8.00 68.00 76.00 OK
r-patched-linux-x86_64 2.0.6 6.30 44.22 50.52 OK
r-release-linux-x86_64 2.0.6 5.72 44.09 49.81 OK
r-release-macos-arm64 2.0.6 OK
r-release-macos-x86_64 2.0.6 5.00 45.00 50.00 OK
r-release-windows-x86_64 2.0.6 8.00 79.00 87.00 OK
r-oldrel-macos-arm64 2.0.6 OK
r-oldrel-macos-x86_64 2.0.6 4.00 35.00 39.00 OK
r-oldrel-windows-x86_64 2.0.6 8.00 78.00 86.00 OK

Check Details

Version: 2.0.6
Check: CRAN incoming feasibility
Result: NOTE Maintainer: ‘Sean A. S. Anderson <sean.as.anderson@gmail.com>’ No Authors@R field in DESCRIPTION. Please add one, modifying Authors@R: c(person(given = c("Sean", "A.", "S."), family = "Anderson", role = c("aut", "cre"), email = "sean.as.anderson@gmail.com"), person(given = c("Jason", "T."), family = "Weir", role = "aut")) as necessary. Flavors: r-devel-linux-x86_64-debian-clang, r-devel-linux-x86_64-debian-gcc

Version: 2.0.6
Check: dependencies in R code
Result: NOTE Namespace in Imports field not imported from: ‘truncnorm’ All declared Imports should be used. Flavors: r-devel-linux-x86_64-fedora-clang, r-devel-linux-x86_64-fedora-gcc

mirror server hosted at Truenetwork, Russian Federation.