Last updated on 2025-11-02 17:49:36 CET.
| Flavor | Version | Tinstall | Tcheck | Ttotal | Status | Flags |
|---|---|---|---|---|---|---|
| r-devel-linux-x86_64-debian-clang | 0.1.3 | 2.37 | 72.11 | 74.48 | OK | |
| r-devel-linux-x86_64-debian-gcc | 0.1.3 | 1.75 | 50.74 | 52.49 | OK | |
| r-devel-linux-x86_64-fedora-clang | 0.1.3 | 110.95 | OK | |||
| r-devel-linux-x86_64-fedora-gcc | 0.1.3 | 120.99 | OK | |||
| r-devel-windows-x86_64 | 0.1.3 | 5.00 | 94.00 | 99.00 | OK | |
| r-patched-linux-x86_64 | 0.1.3 | 2.39 | 67.12 | 69.51 | OK | |
| r-release-linux-x86_64 | 0.1.3 | 2.33 | 66.69 | 69.02 | OK | |
| r-release-macos-arm64 | 0.1.3 | 2.00 | 51.00 | 53.00 | OK | |
| r-release-macos-x86_64 | 0.1.3 | 2.00 | 84.00 | 86.00 | OK | |
| r-release-windows-x86_64 | 0.1.3 | 6.00 | 93.00 | 99.00 | OK | |
| r-oldrel-macos-arm64 | 0.1.3 | 1.00 | 41.00 | 42.00 | NOTE | |
| r-oldrel-macos-x86_64 | 0.1.3 | 2.00 | 60.00 | 62.00 | NOTE | |
| r-oldrel-windows-x86_64 | 0.1.3 | 6.00 | 114.00 | 120.00 | NOTE |
Version: 0.1.3
Check: LazyData
Result: NOTE
'LazyData' is specified without a 'data' directory
Flavors: r-oldrel-macos-arm64, r-oldrel-macos-x86_64, r-oldrel-windows-x86_64