Last updated on 2025-11-04 05:51:09 CET.
| Flavor | Version | Tinstall | Tcheck | Ttotal | Status | Flags | 
|---|---|---|---|---|---|---|
| r-devel-linux-x86_64-debian-clang | 0.1.0 | 1.87 | 39.13 | 41.00 | NOTE | |
| r-devel-linux-x86_64-debian-gcc | 0.1.0 | 1.44 | 29.45 | 30.89 | NOTE | |
| r-devel-linux-x86_64-fedora-clang | 0.1.0 | 61.75 | OK | |||
| r-devel-linux-x86_64-fedora-gcc | 0.1.0 | 60.68 | OK | |||
| r-devel-windows-x86_64 | 0.1.0 | 4.00 | 56.00 | 60.00 | OK | |
| r-patched-linux-x86_64 | 0.1.0 | 1.95 | 36.72 | 38.67 | OK | |
| r-release-linux-x86_64 | 0.1.0 | 1.99 | 36.49 | 38.48 | OK | |
| r-release-macos-arm64 | 0.1.0 | 1.00 | 25.00 | 26.00 | OK | |
| r-release-macos-x86_64 | 0.1.0 | 2.00 | 46.00 | 48.00 | OK | |
| r-release-windows-x86_64 | 0.1.0 | 3.00 | 55.00 | 58.00 | OK | |
| r-oldrel-macos-arm64 | 0.1.0 | 1.00 | 19.00 | 20.00 | NOTE | |
| r-oldrel-macos-x86_64 | 0.1.0 | 2.00 | 30.00 | 32.00 | NOTE | |
| r-oldrel-windows-x86_64 | 0.1.0 | 4.00 | 65.00 | 69.00 | NOTE | 
Version: 0.1.0
Check: CRAN incoming feasibility
Result: NOTE
  Maintainer: ‘Shijia Zhang <zsj27@mail.ustc.edu.cn>’
  
  No Authors@R field in DESCRIPTION.
  Please add one, modifying
    Authors@R: c(person(given = c("Shijia", "Zhang;", "Meng"),
                        family = "Li",
                        role = "aut"),
                 person(given = "Shijia",
                        family = "Zhang",
                        role = "cre",
                        email = "zsj27@mail.ustc.edu.cn"))
  as necessary.
Flavors: r-devel-linux-x86_64-debian-clang, r-devel-linux-x86_64-debian-gcc
Version: 0.1.0
Check: LazyData
Result: NOTE
    'LazyData' is specified without a 'data' directory
Flavors: r-oldrel-macos-arm64, r-oldrel-macos-x86_64, r-oldrel-windows-x86_64