Last updated on 2025-11-03 05:50:39 CET.
| Flavor | Version | Tinstall | Tcheck | Ttotal | Status | Flags |
|---|---|---|---|---|---|---|
| r-devel-linux-x86_64-debian-clang | 0.3.5 | 11.87 | 168.91 | 180.78 | NOTE | |
| r-devel-linux-x86_64-debian-gcc | 0.3.5 | 9.41 | 114.01 | 123.42 | NOTE | |
| r-devel-linux-x86_64-fedora-clang | 0.3.5 | 29.00 | 249.08 | 278.08 | NOTE | |
| r-devel-linux-x86_64-fedora-gcc | 0.3.5 | 24.00 | 254.23 | 278.23 | NOTE | |
| r-devel-windows-x86_64 | 0.3.5 | 14.00 | 173.00 | 187.00 | NOTE | |
| r-patched-linux-x86_64 | 0.3.5 | 12.42 | 156.16 | 168.58 | NOTE | |
| r-release-linux-x86_64 | 0.3.5 | 12.71 | 161.77 | 174.48 | NOTE | |
| r-release-macos-arm64 | 0.3.5 | 5.00 | 84.00 | 89.00 | NOTE | |
| r-release-macos-x86_64 | 0.3.5 | 8.00 | 141.00 | 149.00 | NOTE | |
| r-release-windows-x86_64 | 0.3.5 | 15.00 | 165.00 | 180.00 | NOTE | |
| r-oldrel-macos-arm64 | 0.3.5 | 6.00 | 85.00 | 91.00 | NOTE | |
| r-oldrel-macos-x86_64 | 0.3.5 | 9.00 | 169.00 | 178.00 | NOTE | |
| r-oldrel-windows-x86_64 | 0.3.5 | 19.00 | 227.00 | 246.00 | NOTE |
Version: 0.3.5
Check: package subdirectories
Result: NOTE
Problems with news in ‘NEWS.md’:
No news entries found.
Flavors: r-devel-linux-x86_64-debian-clang, r-devel-linux-x86_64-debian-gcc, r-devel-linux-x86_64-fedora-clang, r-devel-linux-x86_64-fedora-gcc, r-devel-windows-x86_64, r-patched-linux-x86_64, r-release-linux-x86_64, r-release-macos-arm64, r-release-macos-x86_64, r-release-windows-x86_64, r-oldrel-macos-arm64, r-oldrel-macos-x86_64, r-oldrel-windows-x86_64
Version: 0.3.5
Check: Rd files
Result: NOTE
checkRd: (-1) dnr.Rd:12: Escaped LaTeX specials: \#
Flavors: r-devel-linux-x86_64-debian-clang, r-devel-linux-x86_64-debian-gcc, r-devel-linux-x86_64-fedora-clang, r-devel-linux-x86_64-fedora-gcc, r-devel-windows-x86_64, r-patched-linux-x86_64, r-release-linux-x86_64, r-release-macos-arm64, r-release-macos-x86_64, r-release-windows-x86_64, r-oldrel-macos-arm64, r-oldrel-macos-x86_64, r-oldrel-windows-x86_64