CRAN Package Check Results for Package doMPI

Last updated on 2025-07-13 00:48:24 CEST.

Flavor Version Tinstall Tcheck Ttotal Status Flags
r-devel-linux-x86_64-debian-clang 0.2.2 3.54 31.80 35.34 OK
r-devel-linux-x86_64-debian-gcc 0.2.2 2.92 27.37 30.29 OK
r-devel-linux-x86_64-fedora-clang 0.2.2 59.15 OK
r-devel-linux-x86_64-fedora-gcc 0.2.2 70.61 OK
r-devel-windows-x86_64 0.2.2 4.00 58.00 62.00 OK
r-patched-linux-x86_64 0.2.2 3.73 29.94 33.67 OK
r-release-linux-x86_64 0.2.2 2.76 29.83 32.59 OK
r-release-macos-arm64 0.2.2 5.00 ERROR
r-release-macos-x86_64 0.2.2 7.00 ERROR
r-release-windows-x86_64 0.2.2 4.00 63.00 67.00 OK
r-oldrel-macos-arm64 0.2.2 10.00 ERROR
r-oldrel-macos-x86_64 0.2.2 11.00 ERROR
r-oldrel-windows-x86_64 0.2.2 5.00 61.00 66.00 OK

Check Details

Version: 0.2.2
Check: package dependencies
Result: ERROR Package required but not available: ‘Rmpi’ See section ‘The DESCRIPTION file’ in the ‘Writing R Extensions’ manual. Flavors: r-release-macos-arm64, r-release-macos-x86_64, r-oldrel-macos-arm64, r-oldrel-macos-x86_64

mirror server hosted at Truenetwork, Russian Federation.