Last updated on 2025-11-02 17:49:36 CET.
| Flavor | Version | Tinstall | Tcheck | Ttotal | Status | Flags |
|---|---|---|---|---|---|---|
| r-devel-linux-x86_64-debian-clang | 1.0.20 | 1.87 | 21.15 | 23.02 | NOTE | |
| r-devel-linux-x86_64-debian-gcc | 1.0.20 | 1.54 | 17.65 | 19.19 | NOTE | |
| r-devel-linux-x86_64-fedora-clang | 1.0.20 | 34.27 | OK | |||
| r-devel-linux-x86_64-fedora-gcc | 1.0.20 | 32.31 | OK | |||
| r-devel-windows-x86_64 | 1.0.20 | 4.00 | 41.00 | 45.00 | OK | |
| r-patched-linux-x86_64 | 1.0.20 | 2.02 | 20.54 | 22.56 | NOTE | |
| r-release-linux-x86_64 | 1.0.20 | 1.98 | 19.95 | 21.93 | NOTE | |
| r-release-macos-arm64 | 1.0.20 | 1.00 | 15.00 | 16.00 | OK | |
| r-release-macos-x86_64 | 1.0.20 | 2.00 | 25.00 | 27.00 | OK | |
| r-release-windows-x86_64 | 1.0.20 | 4.00 | 40.00 | 44.00 | OK | |
| r-oldrel-macos-arm64 | 1.0.20 | 1.00 | 15.00 | 16.00 | OK | |
| r-oldrel-macos-x86_64 | 1.0.20 | 2.00 | 19.00 | 21.00 | OK | |
| r-oldrel-windows-x86_64 | 1.0.20 | 4.00 | 47.00 | 51.00 | OK |
Version: 1.0.20
Check: R code for possible problems
Result: NOTE
Found the following calls to attach():
File ‘doSNOW/R/doSNOW.R’:
attach(exportEnv)
See section ‘Good practice’ in ‘?attach’.
Flavors: r-devel-linux-x86_64-debian-clang, r-devel-linux-x86_64-debian-gcc, r-patched-linux-x86_64, r-release-linux-x86_64