CRAN Package Check Results for Package dotprofile

Last updated on 2025-05-19 18:50:25 CEST.

Flavor Version Tinstall Tcheck Ttotal Status Flags
r-devel-linux-x86_64-debian-clang 0.0.1 1.47 25.93 27.40 NOTE
r-devel-linux-x86_64-debian-gcc 0.0.1 1.43 20.34 21.77 NOTE
r-devel-linux-x86_64-fedora-clang 0.0.1 41.39 NOTE
r-devel-linux-x86_64-fedora-gcc 0.0.1 38.84 NOTE
r-devel-windows-x86_64 0.0.1 2.00 52.00 54.00 OK
r-patched-linux-x86_64 0.0.1 1.73 23.48 25.21 OK
r-release-linux-x86_64 0.0.1 1.56 23.65 25.21 OK
r-release-macos-arm64 0.0.1 20.00 OK
r-release-macos-x86_64 0.0.1 31.00 OK
r-release-windows-x86_64 0.0.1 2.00 50.00 52.00 OK
r-oldrel-macos-arm64 0.0.1 17.00 OK
r-oldrel-macos-x86_64 0.0.1 27.00 OK
r-oldrel-windows-x86_64 0.0.1 4.00 54.00 58.00 OK

Check Details

Version: 0.0.1
Check: CRAN incoming feasibility
Result: NOTE Maintainer: ‘Jean-Mathieu Potvin <jm@potvin.xyz>’ The BugReports field in DESCRIPTION has https://github.com/jeanmathieupotvin/dotprofile/issues/new which should likely be https://github.com/jeanmathieupotvin/dotprofile/issues/new/issues instead. Flavors: r-devel-linux-x86_64-debian-clang, r-devel-linux-x86_64-debian-gcc

Version: 0.0.1
Check: dependencies in R code
Result: NOTE Namespace in Imports field not imported from: ‘R6’ All declared Imports should be used. Flavors: r-devel-linux-x86_64-fedora-clang, r-devel-linux-x86_64-fedora-gcc

mirror server hosted at Truenetwork, Russian Federation.