Last updated on 2024-06-29 12:48:14 CEST.
Flavor | Version | Tinstall | Tcheck | Ttotal | Status | Flags |
---|---|---|---|---|---|---|
r-devel-linux-x86_64-debian-clang | 1.0.1 | 18.58 | 144.58 | 163.16 | NOTE | |
r-devel-linux-x86_64-debian-gcc | 1.0.1 | 16.54 | 103.56 | 120.10 | NOTE | |
r-devel-linux-x86_64-fedora-clang | 1.0.1 | 202.01 | NOTE | |||
r-devel-linux-x86_64-fedora-gcc | 1.0.1 | 206.18 | NOTE | |||
r-devel-windows-x86_64 | 1.0.1 | 19.00 | 117.00 | 136.00 | NOTE | |
r-patched-linux-x86_64 | 1.0.1 | 14.22 | 137.97 | 152.19 | NOTE | |
r-release-linux-x86_64 | 1.0.1 | 21.63 | 138.16 | 159.79 | NOTE | |
r-release-macos-arm64 | 1.0.1 | 52.00 | NOTE | |||
r-release-macos-x86_64 | 1.0.1 | 94.00 | NOTE | |||
r-release-windows-x86_64 | 1.0.1 | 17.00 | 117.00 | 134.00 | NOTE | |
r-oldrel-macos-arm64 | 1.0.1 | 52.00 | OK | |||
r-oldrel-macos-x86_64 | 1.0.1 | 79.00 | OK | |||
r-oldrel-windows-x86_64 | 1.0.1 | 21.00 | 145.00 | 166.00 | OK |
Version: 1.0.1
Check: Rd files
Result: NOTE
checkRd: (-1) excalibur.Rd:18: Lost braces; missing escapes or markup?
18 | \item{\code{GR}}{a numeric vector: germination rates in d^{-1}}
| ^
checkRd: (-1) festuca.Rd:16: Lost braces; missing escapes or markup?
16 | \item{\code{GR}}{a numeric vector: germination rates in d^{-1}}
| ^
Flavors: r-devel-linux-x86_64-debian-clang, r-devel-linux-x86_64-debian-gcc, r-devel-linux-x86_64-fedora-clang, r-devel-linux-x86_64-fedora-gcc, r-devel-windows-x86_64, r-patched-linux-x86_64, r-release-linux-x86_64, r-release-macos-arm64, r-release-macos-x86_64, r-release-windows-x86_64