Last updated on 2025-02-22 11:51:25 CET.
Flavor | Version | Tinstall | Tcheck | Ttotal | Status | Flags |
---|---|---|---|---|---|---|
r-devel-linux-x86_64-debian-clang | 0.1.0 | 12.59 | 101.99 | 114.58 | NOTE | |
r-devel-linux-x86_64-debian-gcc | 0.1.0 | 8.75 | 70.80 | 79.55 | NOTE | |
r-devel-linux-x86_64-fedora-clang | 0.1.0 | 180.98 | NOTE | |||
r-devel-linux-x86_64-fedora-gcc | 0.1.0 | 163.85 | NOTE | |||
r-devel-macos-arm64 | 0.1.0 | 48.00 | NOTE | |||
r-devel-macos-x86_64 | 0.1.0 | 91.00 | NOTE | |||
r-devel-windows-x86_64 | 0.1.0 | 12.00 | 98.00 | 110.00 | NOTE | |
r-patched-linux-x86_64 | 0.1.0 | 10.83 | 92.82 | 103.65 | NOTE | |
r-release-linux-x86_64 | 0.1.0 | 10.39 | 91.97 | 102.36 | NOTE | |
r-release-macos-arm64 | 0.1.0 | 49.00 | NOTE | |||
r-release-macos-x86_64 | 0.1.0 | 73.00 | NOTE | |||
r-release-windows-x86_64 | 0.1.0 | 14.00 | 99.00 | 113.00 | NOTE | |
r-oldrel-macos-arm64 | 0.1.0 | 52.00 | NOTE | |||
r-oldrel-macos-x86_64 | 0.1.0 | 90.00 | NOTE | |||
r-oldrel-windows-x86_64 | 0.1.0 | 17.00 | 125.00 | 142.00 | NOTE |
Version: 0.1.0
Check: package subdirectories
Result: NOTE
Problems with news in ‘NEWS.md’:
No news entries found.
Flavors: r-devel-linux-x86_64-debian-clang, r-devel-linux-x86_64-debian-gcc, r-devel-linux-x86_64-fedora-clang, r-devel-linux-x86_64-fedora-gcc, r-devel-macos-arm64, r-devel-macos-x86_64, r-devel-windows-x86_64, r-patched-linux-x86_64, r-release-linux-x86_64, r-release-macos-arm64, r-release-macos-x86_64, r-release-windows-x86_64, r-oldrel-macos-arm64, r-oldrel-macos-x86_64, r-oldrel-windows-x86_64
Version: 0.1.0
Check: LazyData
Result: NOTE
'LazyData' is specified without a 'data' directory
Flavors: r-patched-linux-x86_64, r-release-linux-x86_64, r-release-macos-arm64, r-release-macos-x86_64, r-release-windows-x86_64, r-oldrel-macos-arm64, r-oldrel-macos-x86_64, r-oldrel-windows-x86_64