CRAN Package Check Results for Package dwp

Last updated on 2025-11-22 17:49:28 CET.

Flavor Version Tinstall Tcheck Ttotal Status Flags
r-devel-linux-x86_64-debian-clang 1.1 5.83 50.07 55.90 NOTE
r-devel-linux-x86_64-debian-gcc 1.1 5.04 35.73 40.77 NOTE
r-devel-linux-x86_64-fedora-clang 1.1 17.00 70.40 87.40 NOTE
r-devel-linux-x86_64-fedora-gcc 1.1 28.00 60.87 88.87 NOTE
r-devel-windows-x86_64 1.1 14.00 66.00 80.00 OK
r-patched-linux-x86_64 1.1 6.23 44.51 50.74 OK
r-release-linux-x86_64 1.1 6.31 45.51 51.82 OK
r-release-macos-arm64 1.1 OK
r-release-macos-x86_64 1.1 6.00 37.00 43.00 OK
r-release-windows-x86_64 1.1 10.00 66.00 76.00 OK
r-oldrel-macos-arm64 1.1 OK
r-oldrel-macos-x86_64 1.1 5.00 31.00 36.00 OK
r-oldrel-windows-x86_64 1.1 12.00 75.00 87.00 OK

Check Details

Version: 1.1
Check: CRAN incoming feasibility
Result: NOTE Maintainer: ‘Daniel Dalthorp <ddalthorp@protonmail.com>’ The Description field contains mortality, following Dalthorp, et al. (2022) <arXiv:2201.10064>. Please refer to arXiv e-prints via their arXiv DOI <doi:10.48550/arXiv.YYMM.NNNNN>. Flavors: r-devel-linux-x86_64-debian-clang, r-devel-linux-x86_64-debian-gcc

Version: 1.1
Check: dependencies in R code
Result: NOTE Namespaces in Imports field not imported from: ‘GenEst’ ‘expint’ ‘numDeriv’ All declared Imports should be used. Flavors: r-devel-linux-x86_64-fedora-clang, r-devel-linux-x86_64-fedora-gcc

mirror server hosted at Truenetwork, Russian Federation.