CRAN Package Check Results for Package dynamicTreeCut

Last updated on 2025-05-09 18:50:13 CEST.

Flavor Version Tinstall Tcheck Ttotal Status Flags
r-devel-linux-x86_64-debian-clang 1.63-1 2.64 22.13 24.77 NOTE
r-devel-linux-x86_64-debian-gcc 1.63-1 2.20 16.52 18.72 NOTE
r-devel-linux-x86_64-fedora-clang 1.63-1 39.58 OK
r-devel-linux-x86_64-fedora-gcc 1.63-1 37.76 OK
r-devel-windows-x86_64 1.63-1 3.00 42.00 45.00 OK
r-patched-linux-x86_64 1.63-1 2.98 21.00 23.98 OK
r-release-linux-x86_64 1.63-1 2.83 20.94 23.77 OK
r-release-macos-arm64 1.63-1 19.00 OK
r-release-macos-x86_64 1.63-1 38.00 OK
r-release-windows-x86_64 1.63-1 5.00 44.00 49.00 OK
r-oldrel-macos-arm64 1.63-1 20.00 OK
r-oldrel-macos-x86_64 1.63-1 29.00 OK
r-oldrel-windows-x86_64 1.63-1 4.00 42.00 46.00 OK

Check Details

Version: 1.63-1
Check: CRAN incoming feasibility
Result: NOTE Maintainer: ‘Peter Langfelder <Peter.Langfelder@gmail.com>’ No Authors@R field in DESCRIPTION. Please add one, modifying Authors@R: c(person(given = "Peter", family = "Langfelder", role = c("aut", "cre"), email = "Peter.Langfelder@gmail.com"), person(given = "Bin", family = "Zhang", role = "aut", email = "binzhang.ucla@gmail.com"), person(given = c("with", "contributions", "from", "Steve"), family = "Horvath", role = "aut", email = "SHorvath@mednet.ucla.edu")) as necessary. Flavors: r-devel-linux-x86_64-debian-clang, r-devel-linux-x86_64-debian-gcc

mirror server hosted at Truenetwork, Russian Federation.