Last updated on 2025-07-12 18:49:39 CEST.
Flavor | Version | Tinstall | Tcheck | Ttotal | Status | Flags |
---|---|---|---|---|---|---|
r-devel-linux-x86_64-debian-clang | 4.0.1 | 3.15 | 32.12 | 35.27 | NOTE | |
r-devel-linux-x86_64-debian-gcc | 4.0.1 | 2.08 | 24.44 | 26.52 | NOTE | |
r-devel-linux-x86_64-fedora-clang | 4.0.1 | 57.38 | OK | |||
r-devel-linux-x86_64-fedora-gcc | 4.0.1 | 68.87 | OK | |||
r-devel-windows-x86_64 | 4.0.1 | 3.00 | 49.00 | 52.00 | OK | |
r-patched-linux-x86_64 | 4.0.1 | 3.37 | 30.89 | 34.26 | OK | |
r-release-linux-x86_64 | 4.0.1 | 3.01 | 30.42 | 33.43 | OK | |
r-release-macos-arm64 | 4.0.1 | 26.00 | OK | |||
r-release-macos-x86_64 | 4.0.1 | 50.00 | OK | |||
r-release-windows-x86_64 | 4.0.1 | 4.00 | 50.00 | 54.00 | OK | |
r-oldrel-macos-arm64 | 4.0.1 | 23.00 | OK | |||
r-oldrel-macos-x86_64 | 4.0.1 | 40.00 | OK | |||
r-oldrel-windows-x86_64 | 4.0.1 | 3.00 | 56.00 | 59.00 | OK |
Version: 4.0.1
Check: CRAN incoming feasibility
Result: NOTE
Maintainer: ‘Jennifer Hurley <hurlej2@rpi.edu>’
Package CITATION file contains call(s) to old-style personList() or
as.personList(). Please use c() on person objects instead.
Package CITATION file contains call(s) to old-style citEntry(). Please
use bibentry() instead.
Flavors: r-devel-linux-x86_64-debian-clang, r-devel-linux-x86_64-debian-gcc