Last updated on 2024-06-29 12:48:14 CEST.
Flavor | Version | Tinstall | Tcheck | Ttotal | Status | Flags |
---|---|---|---|---|---|---|
r-devel-linux-x86_64-debian-clang | 0.1.8 | 5.89 | 54.33 | 60.22 | OK | |
r-devel-linux-x86_64-debian-gcc | 0.1.8 | 4.84 | 41.10 | 45.94 | OK | |
r-devel-linux-x86_64-fedora-clang | 0.1.8 | 76.60 | NOTE | |||
r-devel-linux-x86_64-fedora-gcc | 0.1.8 | 92.65 | NOTE | |||
r-devel-windows-x86_64 | 0.1.8 | 6.00 | 65.00 | 71.00 | OK | |
r-patched-linux-x86_64 | 0.1.8 | 6.02 | 51.69 | 57.71 | OK | |
r-release-linux-x86_64 | 0.1.8 | 4.00 | 52.74 | 56.74 | OK | |
r-release-macos-arm64 | 0.1.8 | 32.00 | OK | |||
r-release-macos-x86_64 | 0.1.8 | 47.00 | OK | |||
r-release-windows-x86_64 | 0.1.8 | 6.00 | 65.00 | 71.00 | OK | |
r-oldrel-macos-arm64 | 0.1.8 | 41.00 | OK | |||
r-oldrel-macos-x86_64 | 0.1.8 | 57.00 | OK | |||
r-oldrel-windows-x86_64 | 0.1.8 | 8.00 | 71.00 | 79.00 | OK |
Version: 0.1.8
Check: dependencies in R code
Result: NOTE
Namespaces in Imports field not imported from:
‘dplyr’ ‘magrittr’ ‘tibble’
All declared Imports should be used.
Flavors: r-devel-linux-x86_64-fedora-clang, r-devel-linux-x86_64-fedora-gcc