CRAN Package Check Results for Package effectsizescr

Last updated on 2025-05-23 18:50:27 CEST.

Flavor Version Tinstall Tcheck Ttotal Status Flags
r-devel-linux-x86_64-debian-clang 0.1.0 1.81 17.16 18.97 NOTE
r-devel-linux-x86_64-debian-gcc 0.1.0 1.28 13.71 14.99 NOTE
r-devel-linux-x86_64-fedora-clang 0.1.0 29.31 OK
r-devel-linux-x86_64-fedora-gcc 0.1.0 28.05 OK
r-devel-windows-x86_64 0.1.0 3.00 56.00 59.00 OK
r-patched-linux-x86_64 0.1.0 1.76 16.83 18.59 OK
r-release-linux-x86_64 0.1.0 1.78 16.46 18.24 OK
r-release-macos-arm64 0.1.0 15.00 OK
r-release-macos-x86_64 0.1.0 22.00 OK
r-release-windows-x86_64 0.1.0 2.00 69.00 71.00 OK
r-oldrel-macos-arm64 0.1.0 16.00 NOTE
r-oldrel-macos-x86_64 0.1.0 19.00 NOTE
r-oldrel-windows-x86_64 0.1.0 3.00 40.00 43.00 NOTE

Check Details

Version: 0.1.0
Check: CRAN incoming feasibility
Result: NOTE Maintainer: ‘Isabella Giammusso <isabella.giammusso@unipa.it>’ No Authors@R field in DESCRIPTION. Please add one, modifying Authors@R: person(given = "Isabella", family = "Giammusso", role = c("aut", "cre"), email = "isabella.giammusso@unipa.it") as necessary. Flavors: r-devel-linux-x86_64-debian-clang, r-devel-linux-x86_64-debian-gcc

Version: 0.1.0
Check: LazyData
Result: NOTE 'LazyData' is specified without a 'data' directory Flavors: r-oldrel-macos-arm64, r-oldrel-macos-x86_64, r-oldrel-windows-x86_64

mirror server hosted at Truenetwork, Russian Federation.