Last updated on 2024-06-29 12:48:14 CEST.
Flavor | Version | Tinstall | Tcheck | Ttotal | Status | Flags |
---|---|---|---|---|---|---|
r-devel-linux-x86_64-debian-clang | 0.1.0 | 2.33 | 21.70 | 24.03 | NOTE | |
r-devel-linux-x86_64-debian-gcc | 0.1.0 | 1.51 | 16.59 | 18.10 | NOTE | |
r-devel-linux-x86_64-fedora-clang | 0.1.0 | 29.88 | NOTE | |||
r-devel-linux-x86_64-fedora-gcc | 0.1.0 | 29.78 | NOTE | |||
r-devel-windows-x86_64 | 0.1.0 | 3.00 | 37.00 | 40.00 | NOTE | |
r-patched-linux-x86_64 | 0.1.0 | 2.21 | 20.65 | 22.86 | NOTE | |
r-release-linux-x86_64 | 0.1.0 | 2.01 | 20.47 | 22.48 | NOTE | |
r-release-macos-arm64 | 0.1.0 | 16.00 | NOTE | |||
r-release-macos-x86_64 | 0.1.0 | 19.00 | NOTE | |||
r-release-windows-x86_64 | 0.1.0 | 2.00 | 36.00 | 38.00 | NOTE | |
r-oldrel-macos-arm64 | 0.1.0 | 15.00 | NOTE | |||
r-oldrel-macos-x86_64 | 0.1.0 | 20.00 | NOTE | |||
r-oldrel-windows-x86_64 | 0.1.0 | 2.00 | 37.00 | 39.00 | NOTE |
Version: 0.1.0
Check: LazyData
Result: NOTE
'LazyData' is specified without a 'data' directory
Flavors: r-devel-linux-x86_64-debian-clang, r-devel-linux-x86_64-debian-gcc, r-devel-linux-x86_64-fedora-clang, r-devel-linux-x86_64-fedora-gcc, r-devel-windows-x86_64, r-patched-linux-x86_64, r-release-linux-x86_64, r-release-macos-arm64, r-release-macos-x86_64, r-release-windows-x86_64, r-oldrel-macos-arm64, r-oldrel-macos-x86_64, r-oldrel-windows-x86_64