Last updated on 2025-11-02 17:49:37 CET.
| Flavor | Version | Tinstall | Tcheck | Ttotal | Status | Flags |
|---|---|---|---|---|---|---|
| r-devel-linux-x86_64-debian-clang | 2.5-1 | 756.75 | 175.78 | 932.53 | OK | |
| r-devel-linux-x86_64-debian-gcc | 2.5-1 | 669.29 | 182.51 | 851.80 | OK | |
| r-devel-linux-x86_64-fedora-clang | 2.5-1 | 1380.00 | 33.89 | 1413.89 | OK | |
| r-devel-linux-x86_64-fedora-gcc | 2.5-1 | 2100.00 | -71.12 | 2028.88 | OK | |
| r-devel-windows-x86_64 | 2.5-1 | 874.00 | 267.00 | 1141.00 | OK | |
| r-patched-linux-x86_64 | 2.5-1 | 930.55 | 250.51 | 1181.06 | OK | |
| r-release-linux-x86_64 | 2.5-1 | 952.45 | 249.88 | 1202.33 | OK | |
| r-release-macos-arm64 | 2.5-1 | 268.00 | 59.00 | 327.00 | OK | |
| r-release-macos-x86_64 | 2.5-1 | 267.00 | 177.00 | 444.00 | OK | |
| r-release-windows-x86_64 | 2.5-1 | 859.00 | 263.00 | 1122.00 | OK | |
| r-oldrel-macos-arm64 | 2.5-1 | 281.00 | 89.00 | 370.00 | NOTE | |
| r-oldrel-macos-x86_64 | 2.5-1 | 251.00 | 148.00 | 399.00 | NOTE | |
| r-oldrel-windows-x86_64 | 2.5-1 | 960.00 | 302.00 | 1262.00 | NOTE |
Version: 2.5-1
Check: package dependencies
Result: NOTE
Package suggested but not available for checking: ‘eggCountsExtra’
Flavors: r-oldrel-macos-arm64, r-oldrel-macos-x86_64, r-oldrel-windows-x86_64
Version: 2.5-1
Check: installed package size
Result: NOTE
installed size is 106.4Mb
sub-directories of 1Mb or more:
libs 105.7Mb
Flavors: r-oldrel-macos-arm64, r-oldrel-macos-x86_64, r-oldrel-windows-x86_64
Version: 2.5-1
Check: for GNU extensions in Makefiles
Result: NOTE
GNU make is a SystemRequirements.
Flavors: r-oldrel-macos-arm64, r-oldrel-macos-x86_64