Last updated on 2025-11-03 05:50:40 CET.
| Flavor | Version | Tinstall | Tcheck | Ttotal | Status | Flags |
|---|---|---|---|---|---|---|
| r-devel-linux-x86_64-debian-clang | 0.1.1 | 2.41 | 70.65 | 73.06 | NOTE | |
| r-devel-linux-x86_64-debian-gcc | 0.1.1 | 2.10 | 46.07 | 48.17 | NOTE | |
| r-devel-linux-x86_64-fedora-clang | 0.1.1 | 107.33 | OK | |||
| r-devel-linux-x86_64-fedora-gcc | 0.1.1 | 116.61 | OK | |||
| r-devel-windows-x86_64 | 0.1.1 | 5.00 | 75.00 | 80.00 | OK | |
| r-patched-linux-x86_64 | 0.1.1 | 3.01 | 68.36 | 71.37 | OK | |
| r-release-linux-x86_64 | 0.1.1 | 2.64 | 57.80 | 60.44 | OK | |
| r-release-macos-arm64 | 0.1.1 | 2.00 | 55.00 | 57.00 | OK | |
| r-release-macos-x86_64 | 0.1.1 | 4.00 | 86.00 | 90.00 | OK | |
| r-release-windows-x86_64 | 0.1.1 | 6.00 | 76.00 | 82.00 | OK | |
| r-oldrel-macos-arm64 | 0.1.1 | 1.00 | 35.00 | 36.00 | OK | |
| r-oldrel-macos-x86_64 | 0.1.1 | 3.00 | 76.00 | 79.00 | OK | |
| r-oldrel-windows-x86_64 | 0.1.1 | 6.00 | 87.00 | 93.00 | OK |
Version: 0.1.1
Check: CRAN incoming feasibility
Result: NOTE
Maintainer: ‘Wayne Oldford <rwoldford@uwaterloo.ca>’
Found the following (possibly) invalid file URI:
URI: introduction.html
From: inst/doc/IndependenceExploration.html
Flavors: r-devel-linux-x86_64-debian-clang, r-devel-linux-x86_64-debian-gcc