Last updated on 2025-11-15 11:50:43 CET.
| Flavor | Version | Tinstall | Tcheck | Ttotal | Status | Flags |
|---|---|---|---|---|---|---|
| r-devel-linux-x86_64-debian-clang | 1.5-1 | 3.65 | 89.99 | 93.64 | OK | |
| r-devel-linux-x86_64-debian-gcc | 1.5-1 | 2.83 | 65.21 | 68.04 | OK | |
| r-devel-linux-x86_64-fedora-clang | 1.5-1 | 18.00 | 121.70 | 139.70 | OK | |
| r-devel-linux-x86_64-fedora-gcc | 1.5-1 | 146.12 | OK | |||
| r-devel-windows-x86_64 | 1.5-1 | 10.00 | 177.00 | 187.00 | OK | |
| r-patched-linux-x86_64 | 1.5-1 | 5.77 | 86.20 | 91.97 | OK | |
| r-release-linux-x86_64 | 1.5-0 | 4.60 | 85.40 | 90.00 | OK | |
| r-release-macos-arm64 | 1.5-1 | 2.00 | 127.00 | 129.00 | WARN | |
| r-release-macos-x86_64 | 1.5-1 | 5.00 | 209.00 | 214.00 | OK | |
| r-release-windows-x86_64 | 1.5-1 | 10.00 | 161.00 | 171.00 | OK | |
| r-oldrel-macos-arm64 | 1.5-1 | 3.00 | 142.00 | 145.00 | WARN | |
| r-oldrel-macos-x86_64 | 1.5-1 | 5.00 | 190.00 | 195.00 | OK | |
| r-oldrel-windows-x86_64 | 1.5-1 | 9.00 | 181.00 | 190.00 | OK |
Version: 1.5-1
Check: re-building of vignette outputs
Result: WARN
Error(s) in re-building vignettes:
--- re-building ‘elliptic.Rnw’ using Sweave
Attaching package: ‘elliptic’
The following objects are masked from ‘package:stats’:
sd, sigma
The following object is masked from ‘package:base’:
is.primitive
Loading required package: emulator
Loading required package: mvtnorm
Loading required package: calibrator
Error: processing vignette 'elliptic.Rnw' failed with diagnostics:
Running 'texi2dvi' on 'elliptic.tex' failed.
LaTeX errors:
!pdfTeX error: pdflatex (file bbm6): Font bbm6 at 600 not found
==> Fatal error occurred, no output PDF file produced!
--- failed re-building ‘elliptic.Rnw’
--- re-building ‘residuetheorem.Rnw’ using Sweave
Attaching package: ‘elliptic’
The following objects are masked from ‘package:stats’:
sd, sigma
The following object is masked from ‘package:base’:
is.primitive
Warning in genhypergeo_series(U, L, z, tol = tol, maxiter = maxiter, check_mod = check_mod, :
series not converged
--- finished re-building ‘residuetheorem.Rnw’
SUMMARY: processing the following file failed:
‘elliptic.Rnw’
Error: Vignette re-building failed.
Execution halted
Flavors: r-release-macos-arm64, r-oldrel-macos-arm64