Last updated on 2025-11-24 05:50:22 CET.
| Flavor | Version | Tinstall | Tcheck | Ttotal | Status | Flags |
|---|---|---|---|---|---|---|
| r-devel-linux-x86_64-debian-clang | 0.1.2 | 3.45 | 30.36 | 33.81 | NOTE | |
| r-devel-linux-x86_64-debian-gcc | 0.1.2 | 2.27 | 23.30 | 25.57 | NOTE | |
| r-devel-linux-x86_64-fedora-clang | 0.1.2 | 51.88 | NOTE | |||
| r-devel-linux-x86_64-fedora-gcc | 0.1.2 | 49.05 | NOTE | |||
| r-devel-windows-x86_64 | 0.1.2 | 8.00 | 49.00 | 57.00 | OK | |
| r-patched-linux-x86_64 | 0.1.2 | 3.69 | 28.75 | 32.44 | OK | |
| r-release-linux-x86_64 | 0.1.2 | 3.18 | 29.12 | 32.30 | OK | |
| r-release-macos-arm64 | 0.1.2 | OK | ||||
| r-release-macos-x86_64 | 0.1.2 | 3.00 | 32.00 | 35.00 | OK | |
| r-release-windows-x86_64 | 0.1.2 | 6.00 | 57.00 | 63.00 | OK | |
| r-oldrel-macos-arm64 | 0.1.2 | OK | ||||
| r-oldrel-macos-x86_64 | 0.1.2 | 3.00 | 26.00 | 29.00 | OK | |
| r-oldrel-windows-x86_64 | 0.1.2 | 8.00 | 58.00 | 66.00 | OK |
Version: 0.1.2
Check: CRAN incoming feasibility
Result: NOTE
Maintainer: ‘Marko Palangetic <marko.palangetic@ugent.be>’
The Description field contains
et al. (2021) <arXiv:2011.12560v2>.
Please refer to arXiv e-prints via their arXiv DOI <doi:10.48550/arXiv.YYMM.NNNNN>.
Flavors: r-devel-linux-x86_64-debian-clang, r-devel-linux-x86_64-debian-gcc
Version: 0.1.2
Check: dependencies in R code
Result: NOTE
Namespace in Imports field not imported from: ‘datasets’
All declared Imports should be used.
Flavors: r-devel-linux-x86_64-fedora-clang, r-devel-linux-x86_64-fedora-gcc