CRAN Package Check Results for Package elo

Last updated on 2025-11-03 17:49:48 CET.

Flavor Version Tinstall Tcheck Ttotal Status Flags
r-devel-linux-x86_64-debian-clang 3.0.2 31.38 50.16 81.54 NOTE
r-devel-linux-x86_64-debian-gcc 3.0.2 21.06 37.97 59.03 NOTE
r-devel-linux-x86_64-fedora-clang 3.0.2 61.00 84.04 145.04 NOTE
r-devel-linux-x86_64-fedora-gcc 3.0.2 74.00 75.76 149.76 NOTE
r-devel-windows-x86_64 3.0.2 34.00 86.00 120.00 NOTE
r-patched-linux-x86_64 3.0.2 32.16 47.73 79.89 NOTE
r-release-linux-x86_64 3.0.2 32.45 47.48 79.93 NOTE
r-release-macos-arm64 3.0.2 12.00 32.00 44.00 NOTE
r-release-macos-x86_64 3.0.2 16.00 60.00 76.00 NOTE
r-release-windows-x86_64 3.0.2 35.00 86.00 121.00 NOTE
r-oldrel-macos-arm64 3.0.2 15.00 30.00 45.00 NOTE
r-oldrel-macos-x86_64 3.0.2 14.00 45.00 59.00 NOTE
r-oldrel-windows-x86_64 3.0.2 46.00 99.00 145.00 NOTE

Check Details

Version: 3.0.2
Check: Rd files
Result: NOTE checkRd: (-1) elo.run.Rd:80: Lost braces 80 | \code{\link{score}}, \link{elo.run.helpers}{elo.run helpers}, \code{\link{elo.calc}}, | ^ Flavors: r-devel-linux-x86_64-debian-clang, r-devel-linux-x86_64-debian-gcc, r-devel-linux-x86_64-fedora-clang, r-devel-linux-x86_64-fedora-gcc, r-devel-windows-x86_64, r-patched-linux-x86_64, r-release-linux-x86_64, r-release-macos-arm64, r-release-macos-x86_64, r-release-windows-x86_64, r-oldrel-macos-arm64, r-oldrel-macos-x86_64, r-oldrel-windows-x86_64

mirror server hosted at Truenetwork, Russian Federation.