Last updated on 2024-06-26 18:58:39 CEST.
Flavor | Version | Tinstall | Tcheck | Ttotal | Status | Flags |
---|---|---|---|---|---|---|
r-devel-linux-x86_64-debian-clang | 0.5.5 | OK | ||||
r-devel-linux-x86_64-debian-gcc | 0.5.5 | 4.95 | 47.33 | 52.28 | OK | |
r-devel-linux-x86_64-fedora-clang | 0.5.5 | 86.25 | NOTE | |||
r-devel-linux-x86_64-fedora-gcc | 0.5.5 | 93.34 | OK | |||
r-devel-windows-x86_64 | 0.5.5 | 8.00 | 71.00 | 79.00 | NOTE | |
r-patched-linux-x86_64 | 0.5.5 | 7.17 | 57.37 | 64.54 | OK | |
r-release-linux-x86_64 | 0.5.5 | 7.57 | 59.25 | 66.82 | OK | |
r-release-macos-arm64 | 0.5.5 | 36.00 | NOTE | |||
r-release-macos-x86_64 | 0.5.5 | 55.00 | NOTE | |||
r-release-windows-x86_64 | 0.5.5 | 8.00 | 70.00 | 78.00 | NOTE | |
r-oldrel-macos-arm64 | 0.5.5 | 34.00 | NOTE | |||
r-oldrel-macos-x86_64 | 0.5.5 | 52.00 | NOTE | |||
r-oldrel-windows-x86_64 | 0.5.5 | 9.00 | 76.00 | 85.00 | NOTE |
Version: 0.5.5
Check: installed package size
Result: NOTE
installed size is 7.0Mb
sub-directories of 1Mb or more:
emoji_fonts 6.5Mb
Flavors: r-devel-linux-x86_64-fedora-clang, r-devel-windows-x86_64, r-release-macos-arm64, r-release-macos-x86_64, r-release-windows-x86_64, r-oldrel-macos-arm64, r-oldrel-macos-x86_64, r-oldrel-windows-x86_64