CRAN Package Check Results for Package endoSwitch

Last updated on 2025-05-24 12:49:15 CEST.

Flavor Version Tinstall Tcheck Ttotal Status Flags
r-devel-linux-x86_64-debian-clang 1.0.0 2.09 25.35 27.44 NOTE
r-devel-linux-x86_64-debian-gcc 1.0.0 1.65 19.44 21.09 NOTE
r-devel-linux-x86_64-fedora-clang 1.0.0 42.51 OK
r-devel-linux-x86_64-fedora-gcc 1.0.0 40.41 OK
r-devel-windows-x86_64 1.0.0 5.00 79.00 84.00 NOTE
r-patched-linux-x86_64 1.0.0 1.92 24.03 25.95 NOTE
r-release-linux-x86_64 1.0.0 2.04 23.76 25.80 NOTE
r-release-macos-arm64 1.0.0 22.00 OK
r-release-macos-x86_64 1.0.0 32.00 OK
r-release-windows-x86_64 1.0.0 5.00 164.00 169.00 NOTE
r-oldrel-macos-arm64 1.0.0 17.00 OK
r-oldrel-macos-x86_64 1.0.0 23.00 OK
r-oldrel-windows-x86_64 1.0.0 4.00 48.00 52.00 OK

Check Details

Version: 1.0.0
Check: Rd cross-references
Result: NOTE Found the following Rd file(s) with Rd \link{} targets missing package anchors: endoSwitch.Rd: maxLik Please provide package anchors for all Rd \link{} targets not in the package itself and the base packages. Flavors: r-devel-linux-x86_64-debian-clang, r-devel-linux-x86_64-debian-gcc, r-devel-windows-x86_64, r-patched-linux-x86_64, r-release-linux-x86_64, r-release-windows-x86_64

mirror server hosted at Truenetwork, Russian Federation.