CRAN Package Check Results for Package epandist

Last updated on 2025-11-24 11:50:05 CET.

Flavor Version Tinstall Tcheck Ttotal Status Flags
r-devel-linux-x86_64-debian-clang 1.1.1 1.67 23.98 25.65 OK
r-devel-linux-x86_64-debian-gcc 1.1.1 1.33 19.86 21.19 OK
r-devel-linux-x86_64-fedora-clang 1.1.1 39.17 OK
r-devel-linux-x86_64-fedora-gcc 1.1.1 50.56 OK
r-devel-windows-x86_64 1.1.1 5.00 42.00 47.00 OK
r-patched-linux-x86_64 1.1.1 1.52 22.08 23.60 OK
r-release-linux-x86_64 1.1.1 1.57 21.90 23.47 OK
r-release-macos-arm64 1.1.1 OK
r-release-macos-x86_64 1.1.1 2.00 38.00 40.00 OK
r-release-windows-x86_64 1.1.1 4.00 53.00 57.00 OK
r-oldrel-macos-arm64 1.1.1 NOTE
r-oldrel-macos-x86_64 1.1.1 2.00 32.00 34.00 NOTE
r-oldrel-windows-x86_64 1.1.1 4.00 46.00 50.00 NOTE

Check Details

Version: 1.1.1
Check: LazyData
Result: NOTE 'LazyData' is specified without a 'data' directory Flavors: r-oldrel-macos-arm64, r-oldrel-macos-x86_64, r-oldrel-windows-x86_64

mirror server hosted at Truenetwork, Russian Federation.