Last updated on 2025-05-25 06:51:01 CEST.
Flavor | Version | Tinstall | Tcheck | Ttotal | Status | Flags |
---|---|---|---|---|---|---|
r-devel-linux-x86_64-debian-clang | 1.1 | 6.46 | 70.67 | 77.13 | NOTE | |
r-devel-linux-x86_64-debian-gcc | 1.1 | 5.06 | 47.90 | 52.96 | NOTE | |
r-devel-linux-x86_64-fedora-clang | 1.1 | 118.76 | NOTE | |||
r-devel-linux-x86_64-fedora-gcc | 1.1 | 114.40 | NOTE | |||
r-devel-windows-x86_64 | 1.1 | 10.00 | 96.00 | 106.00 | OK | |
r-patched-linux-x86_64 | 1.1 | 6.60 | 65.61 | 72.21 | OK | |
r-release-linux-x86_64 | 1.1 | 6.60 | 66.36 | 72.96 | OK | |
r-release-macos-arm64 | 1.1 | 35.00 | OK | |||
r-release-macos-x86_64 | 1.1 | 61.00 | OK | |||
r-release-windows-x86_64 | 1.1 | 8.00 | 94.00 | 102.00 | OK | |
r-oldrel-macos-arm64 | 1.1 | 32.00 | OK | |||
r-oldrel-macos-x86_64 | 1.1 | 50.00 | OK | |||
r-oldrel-windows-x86_64 | 1.1 | 11.00 | 114.00 | 125.00 | OK |
Version: 1.1
Check: CRAN incoming feasibility
Result: NOTE
Maintainer: ‘Bernd Mueller <bernd.mueller@zbmed.de>’
No Authors@R field in DESCRIPTION.
Please add one, modifying
Authors@R: person(given = "Bernd",
family = "Mueller",
role = c("aut", "cre"),
email = "bernd.mueller@zbmed.de")
as necessary.
Flavors: r-devel-linux-x86_64-debian-clang, r-devel-linux-x86_64-debian-gcc
Version: 1.1
Check: dependencies in R code
Result: NOTE
Namespace in Imports field not imported from: ‘testthat’
All declared Imports should be used.
Flavors: r-devel-linux-x86_64-fedora-clang, r-devel-linux-x86_64-fedora-gcc