CRAN Package Check Results for Package equate

Last updated on 2025-02-22 05:51:34 CET.

Flavor Version Tinstall Tcheck Ttotal Status Flags
r-devel-linux-x86_64-debian-clang 2.0.8 5.49 80.67 86.16 NOTE
r-devel-linux-x86_64-debian-gcc 2.0.8 3.35 56.79 60.14 NOTE
r-devel-linux-x86_64-fedora-clang 2.0.8 135.83 NOTE
r-devel-linux-x86_64-fedora-gcc 2.0.8 146.08 NOTE
r-devel-macos-arm64 2.0.8 42.00 NOTE
r-devel-macos-x86_64 2.0.8 91.00 NOTE
r-devel-windows-x86_64 2.0.8 7.00 89.00 96.00 NOTE
r-patched-linux-x86_64 2.0.8 5.65 76.80 82.45 NOTE
r-release-linux-x86_64 2.0.8 5.29 76.27 81.56 NOTE
r-release-macos-arm64 2.0.8 40.00 NOTE
r-release-macos-x86_64 2.0.8 63.00 NOTE
r-release-windows-x86_64 2.0.8 7.00 93.00 100.00 NOTE
r-oldrel-macos-arm64 2.0.8 43.00 NOTE
r-oldrel-macos-x86_64 2.0.8 71.00 NOTE
r-oldrel-windows-x86_64 2.0.8 8.00 104.00 112.00 NOTE

Check Details

Version: 2.0.8
Check: package subdirectories
Result: NOTE Problems with news in ‘NEWS.md’: No news entries found. Flavors: r-devel-linux-x86_64-debian-clang, r-devel-linux-x86_64-debian-gcc, r-devel-linux-x86_64-fedora-clang, r-devel-linux-x86_64-fedora-gcc, r-devel-macos-arm64, r-devel-macos-x86_64, r-devel-windows-x86_64, r-patched-linux-x86_64, r-release-linux-x86_64, r-release-macos-arm64, r-release-macos-x86_64, r-release-windows-x86_64, r-oldrel-macos-arm64, r-oldrel-macos-x86_64, r-oldrel-windows-x86_64

mirror server hosted at Truenetwork, Russian Federation.