Last updated on 2025-11-03 11:49:41 CET.
| Flavor | Version | Tinstall | Tcheck | Ttotal | Status | Flags |
|---|---|---|---|---|---|---|
| r-devel-linux-x86_64-debian-clang | 4.10.1 | 77.15 | 629.15 | 706.30 | OK | --no-vignettes |
| r-devel-linux-x86_64-debian-gcc | 4.10.1 | 56.26 | 411.23 | 467.49 | OK | --no-vignettes |
| r-devel-linux-x86_64-fedora-clang | 4.10.1 | 145.00 | 1011.69 | 1156.69 | OK | |
| r-devel-linux-x86_64-fedora-gcc | 4.10.1 | 183.00 | 964.00 | 1147.00 | OK | |
| r-devel-windows-x86_64 | 4.10.1 | 110.00 | 223.00 | 333.00 | OK | --no-examples --no-tests --no-vignettes |
| r-patched-linux-x86_64 | 4.10.1 | 89.05 | 585.73 | 674.78 | WARN | --no-vignettes |
| r-release-linux-x86_64 | 4.10.1 | 78.37 | 593.94 | 672.31 | OK | --no-vignettes |
| r-release-macos-arm64 | 4.10.1 | 34.00 | 269.00 | 303.00 | OK | |
| r-release-macos-x86_64 | 4.10.1 | 47.00 | 488.00 | 535.00 | OK | |
| r-release-windows-x86_64 | 4.10.1 | 111.00 | 222.00 | 333.00 | OK | --no-examples --no-tests --no-vignettes |
| r-oldrel-macos-arm64 | 4.10.1 | 32.00 | 248.00 | 280.00 | NOTE | |
| r-oldrel-macos-x86_64 | 4.10.1 | 66.00 | 475.00 | 541.00 | NOTE | |
| r-oldrel-windows-x86_64 | 4.10.1 | 134.00 | 226.00 | 360.00 | OK | --no-examples --no-tests --no-vignettes |
Version: 4.10.1
Flags: --no-vignettes
Check: whether package can be installed
Result: WARN
Found the following significant warnings:
Rd warning: no hsearch.rds meta data for package ergm
See ‘/home/hornik/tmp/R.check/r-patched-gcc/Work/PKGS/ergm.Rcheck/00install.out’ for details.
* used C compiler: ‘gcc-14 (Debian 14.3.0-8) 14.3.0’
Flavor: r-patched-linux-x86_64
Version: 4.10.1
Check: installed package size
Result: NOTE
installed size is 8.4Mb
sub-directories of 1Mb or more:
R 2.0Mb
doc 1.3Mb
help 1.0Mb
libs 3.3Mb
Flavors: r-oldrel-macos-arm64, r-oldrel-macos-x86_64