Last updated on 2025-11-24 05:50:22 CET.
| Flavor | Version | Tinstall | Tcheck | Ttotal | Status | Flags |
|---|---|---|---|---|---|---|
| r-devel-linux-x86_64-debian-clang | 1.0.3 | 3.13 | 34.15 | 37.28 | NOTE | |
| r-devel-linux-x86_64-debian-gcc | 1.0.3 | 2.75 | 24.81 | 27.56 | NOTE | |
| r-devel-linux-x86_64-fedora-clang | 1.0.3 | 59.81 | OK | |||
| r-devel-linux-x86_64-fedora-gcc | 1.0.3 | 55.93 | OK | |||
| r-devel-windows-x86_64 | 1.0.3 | 6.00 | 52.00 | 58.00 | OK | |
| r-patched-linux-x86_64 | 1.0.3 | 3.63 | 32.92 | 36.55 | OK | |
| r-release-linux-x86_64 | 1.0.3 | 3.22 | 32.48 | 35.70 | OK | |
| r-release-macos-arm64 | 1.0.3 | OK | ||||
| r-release-macos-x86_64 | 1.0.3 | 3.00 | 30.00 | 33.00 | OK | |
| r-release-windows-x86_64 | 1.0.3 | 5.00 | 62.00 | 67.00 | OK | |
| r-oldrel-macos-arm64 | 1.0.3 | OK | ||||
| r-oldrel-macos-x86_64 | 1.0.3 | 2.00 | 25.00 | 27.00 | OK | |
| r-oldrel-windows-x86_64 | 1.0.3 | 5.00 | 61.00 | 66.00 | OK |
Version: 1.0.3
Check: CRAN incoming feasibility
Result: NOTE
Maintainer: ‘Zhao Yang <yangz98@connect.hku.hk>’
No Authors@R field in DESCRIPTION.
Please add one, modifying
Authors@R: c(person(given = "Zhao",
family = "Yang",
role = c("aut", "cre"),
email = "yangz98@connect.hku.hk"),
person(given = "Ruitao",
family = "Lin",
role = "aut"),
person(given = "Guosheng",
family = "Yin",
role = "aut"),
person(given = "Ying",
family = "Yuan",
role = "aut"))
as necessary.
Flavors: r-devel-linux-x86_64-debian-clang, r-devel-linux-x86_64-debian-gcc