CRAN Package Check Results for Package estimraw

Last updated on 2025-05-11 00:49:35 CEST.

Flavor Version Tinstall Tcheck Ttotal Status Flags
r-devel-linux-x86_64-debian-clang 1.0.0 4.16 33.90 38.06 OK
r-devel-linux-x86_64-debian-gcc 1.0.0 3.07 25.56 28.63 OK
r-devel-linux-x86_64-fedora-clang 1.0.0 56.77 OK
r-devel-linux-x86_64-fedora-gcc 1.0.0 55.10 OK
r-devel-windows-x86_64 1.0.0 6.00 49.00 55.00 OK
r-patched-linux-x86_64 1.0.0 4.49 30.90 35.39 OK
r-release-linux-x86_64 1.0.0 4.35 30.91 35.26 OK
r-release-macos-arm64 1.0.0 21.00 OK
r-release-macos-x86_64 1.0.0 36.00 OK
r-release-windows-x86_64 1.0.0 5.00 50.00 55.00 OK
r-oldrel-macos-arm64 1.0.0 19.00 NOTE
r-oldrel-macos-x86_64 1.0.0 31.00 NOTE
r-oldrel-windows-x86_64 1.0.0 7.00 57.00 64.00 NOTE

Check Details

Version: 1.0.0
Check: LazyData
Result: NOTE 'LazyData' is specified without a 'data' directory Flavors: r-oldrel-macos-arm64, r-oldrel-macos-x86_64, r-oldrel-windows-x86_64

mirror server hosted at Truenetwork, Russian Federation.