CRAN Package Check Results for Package etl

Last updated on 2025-05-17 12:50:19 CEST.

Flavor Version Tinstall Tcheck Ttotal Status Flags
r-devel-linux-x86_64-debian-clang 0.4.1 4.90 71.05 75.95 NOTE
r-devel-linux-x86_64-debian-gcc 0.4.1 2.98 55.04 58.02 NOTE
r-devel-linux-x86_64-fedora-clang 0.4.1 118.73 OK
r-devel-linux-x86_64-fedora-gcc 0.4.1 149.98 OK
r-devel-windows-x86_64 0.4.1 8.00 107.00 115.00 NOTE
r-patched-linux-x86_64 0.4.1 4.73 65.74 70.47 NOTE
r-release-linux-x86_64 0.4.1 4.31 64.76 69.07 NOTE
r-release-macos-arm64 0.4.1 53.00 OK
r-release-macos-x86_64 0.4.1 95.00 OK
r-release-windows-x86_64 0.4.1 6.00 107.00 113.00 NOTE
r-oldrel-macos-arm64 0.4.1 50.00 OK
r-oldrel-macos-x86_64 0.4.1 85.00 OK
r-oldrel-windows-x86_64 0.4.1 9.00 125.00 134.00 OK

Check Details

Version: 0.4.1
Check: Rd cross-references
Result: NOTE Found the following Rd file(s) with Rd \link{} targets missing package anchors: dbWipe.Rd: DBIConnection-class Please provide package anchors for all Rd \link{} targets not in the package itself and the base packages. Flavors: r-devel-linux-x86_64-debian-clang, r-devel-linux-x86_64-debian-gcc, r-devel-windows-x86_64, r-patched-linux-x86_64, r-release-linux-x86_64, r-release-windows-x86_64

mirror server hosted at Truenetwork, Russian Federation.