Last updated on 2024-06-27 00:56:03 CEST.
Flavor | Version | Tinstall | Tcheck | Ttotal | Status | Flags |
---|---|---|---|---|---|---|
r-devel-linux-x86_64-debian-clang | 0.1.0 | NOTE | ||||
r-devel-linux-x86_64-debian-gcc | 0.1.0 | 11.17 | 319.57 | 330.74 | NOTE | |
r-devel-linux-x86_64-fedora-clang | 0.1.0 | 535.99 | NOTE | |||
r-devel-linux-x86_64-fedora-gcc | 0.1.0 | 559.83 | NOTE | |||
r-devel-windows-x86_64 | 0.1.0 | 14.00 | 302.00 | 316.00 | NOTE | |
r-patched-linux-x86_64 | 0.1.0 | 11.70 | 432.58 | 444.28 | NOTE | |
r-release-linux-x86_64 | 0.1.0 | 13.26 | 438.06 | 451.32 | NOTE | |
r-release-macos-arm64 | 0.1.0 | 170.00 | NOTE | |||
r-release-macos-x86_64 | 0.1.0 | 297.00 | NOTE | |||
r-release-windows-x86_64 | 0.1.0 | 12.00 | 300.00 | 312.00 | NOTE | |
r-oldrel-macos-arm64 | 0.1.0 | 194.00 | OK | |||
r-oldrel-macos-x86_64 | 0.1.0 | 316.00 | NOTE | |||
r-oldrel-windows-x86_64 | 0.1.0 | 17.00 | 408.00 | 425.00 | OK |
Version: 0.1.0
Check: Rd files
Result: NOTE
checkRd: (-1) data_cls.Rd:24: Lost braces
24 | \item Graphs: Erd\"{o}s-R\'{e}nyi graphs with connection probability 0.10 for
| ^
checkRd: (-1) data_cls.Rd:24: Lost braces
24 | \item Graphs: Erd\"{o}s-R\'{e}nyi graphs with connection probability 0.10 for
| ^
checkRd: (-1) data_reg.Rd:21: Lost braces
21 | \item Graphs: Erd\"{o}s-R\'{e}nyi graphs with connection probability given by
| ^
checkRd: (-1) data_reg.Rd:21: Lost braces
21 | \item Graphs: Erd\"{o}s-R\'{e}nyi graphs with connection probability given by
| ^
Flavors: r-devel-linux-x86_64-debian-clang, r-devel-linux-x86_64-debian-gcc, r-devel-linux-x86_64-fedora-clang, r-devel-linux-x86_64-fedora-gcc, r-devel-windows-x86_64, r-patched-linux-x86_64, r-release-linux-x86_64, r-release-macos-arm64, r-release-macos-x86_64, r-release-windows-x86_64
Version: 0.1.0
Check: installed package size
Result: NOTE
installed size is 5.5Mb
sub-directories of 1Mb or more:
data 4.8Mb
Flavors: r-release-macos-arm64, r-release-macos-x86_64, r-oldrel-macos-x86_64