Last updated on 2025-05-28 18:51:17 CEST.
Flavor | Version | Tinstall | Tcheck | Ttotal | Status | Flags |
---|---|---|---|---|---|---|
r-devel-linux-x86_64-debian-clang | 0.4.8 | 2.73 | 33.55 | 36.28 | NOTE | |
r-devel-linux-x86_64-debian-gcc | 0.4.8 | 2.23 | 26.06 | 28.29 | NOTE | |
r-devel-linux-x86_64-fedora-clang | 0.4.8 | 56.22 | NOTE | |||
r-devel-linux-x86_64-fedora-gcc | 0.4.8 | 68.19 | NOTE | |||
r-devel-windows-x86_64 | 0.4.8 | 5.00 | 60.00 | 65.00 | NOTE | |
r-patched-linux-x86_64 | 0.4.8 | 3.06 | 31.71 | 34.77 | NOTE | |
r-release-linux-x86_64 | 0.4.8 | 2.68 | 31.42 | 34.10 | NOTE | |
r-release-macos-arm64 | 0.4.8 | 33.00 | NOTE | |||
r-release-macos-x86_64 | 0.4.8 | 55.00 | NOTE | |||
r-release-windows-x86_64 | 0.4.8 | 5.00 | 60.00 | 65.00 | NOTE | |
r-oldrel-macos-arm64 | 0.4.8 | 36.00 | OK | |||
r-oldrel-macos-x86_64 | 0.4.8 | 61.00 | OK | |||
r-oldrel-windows-x86_64 | 0.4.8 | 6.00 | 66.00 | 72.00 | OK |
Version: 0.4.8
Check: DESCRIPTION meta-information
Result: NOTE
Missing dependency on R >= 4.1.0 because package code uses the pipe
|> or function shorthand \(...) syntax added in R 4.1.0.
File(s) using such syntax:
‘elx_run_query.R’
Flavors: r-devel-linux-x86_64-debian-clang, r-devel-linux-x86_64-debian-gcc, r-devel-linux-x86_64-fedora-clang, r-devel-linux-x86_64-fedora-gcc, r-devel-windows-x86_64, r-patched-linux-x86_64, r-release-linux-x86_64, r-release-macos-arm64, r-release-macos-x86_64, r-release-windows-x86_64