CRAN Package Check Results for Package eva

Last updated on 2025-11-22 05:48:34 CET.

Flavor Version Tinstall Tcheck Ttotal Status Flags
r-devel-linux-x86_64-debian-clang 0.2.6 10.07 99.01 109.08 NOTE
r-devel-linux-x86_64-debian-gcc 0.2.6 7.63 69.10 76.73 NOTE
r-devel-linux-x86_64-fedora-clang 0.2.6 24.00 141.91 165.91 NOTE
r-devel-linux-x86_64-fedora-gcc 0.2.6 21.00 151.05 172.05 NOTE
r-devel-windows-x86_64 0.2.6 14.00 108.00 122.00 OK
r-patched-linux-x86_64 0.2.6 10.58 94.44 105.02 OK
r-release-linux-x86_64 0.2.6 9.53 93.85 103.38 OK
r-release-macos-arm64 0.2.6 OK
r-release-macos-x86_64 0.2.6 9.00 94.00 103.00 OK
r-release-windows-x86_64 0.2.6 12.00 106.00 118.00 OK
r-oldrel-macos-arm64 0.2.6 OK
r-oldrel-macos-x86_64 0.2.6 8.00 73.00 81.00 OK
r-oldrel-windows-x86_64 0.2.6 17.00 129.00 146.00 OK

Check Details

Version: 0.2.6
Check: CRAN incoming feasibility
Result: NOTE Maintainer: ‘Brian Bader <bbader.stat@gmail.com>’ Package CITATION file contains call(s) to old-style personList() or as.personList(). Please use c() on person objects instead. Package CITATION file contains call(s) to old-style citEntry(). Please use bibentry() instead. Flavors: r-devel-linux-x86_64-debian-clang, r-devel-linux-x86_64-debian-gcc

Version: 0.2.6
Check: dependencies in R code
Result: NOTE Namespace in Imports field not imported from: ‘EnvStats’ All declared Imports should be used. Flavors: r-devel-linux-x86_64-fedora-clang, r-devel-linux-x86_64-fedora-gcc

mirror server hosted at Truenetwork, Russian Federation.